{"id":9914,"date":"2020-03-06T16:09:56","date_gmt":"2020-03-06T15:09:56","guid":{"rendered":"https:\/\/royalswiss.myskydoowebsite.com\/?post_type=product&#038;p=9914"},"modified":"2022-09-15T18:15:54","modified_gmt":"2022-09-15T16:15:54","slug":"crepiere-electrique","status":"publish","type":"product","link":"https:\/\/royalswiss.myskydoowebsite.com\/?product=crepiere-electrique","title":{"rendered":"Cr\u00eapi\u00e8re \u00e9lectrique"},"content":{"rendered":"<div><\/div>\n<div><b>Simple et rapide<\/b><\/div>\n<div>Les cr\u00eapes et les pancakes font partie de ces aliments que l&rsquo;on peut d\u00e9vorer aussi bien au petit-d\u00e9jeuner, qu&rsquo;au d\u00e9jeuner, au d\u00eener, au go\u00fbter ou au dessert. Grace \u00e0 la cr\u00eapi\u00e8re Gadgy , cuisiner cr\u00eapes et pancakes, dans le confort de votre maison et de votre cuisine, n&rsquo;a jamais \u00e9t\u00e9 aussi simple !<\/div>\n<div id=\"desc\" class=\"anchor\"><\/div>\n<div>\u00a0 \u00a0 \u00a0 \u00a0 \u00a0 \u00a0 \u00a0 \u00a0 \u00a0 \u00a0 \u00a0 <img fetchpriority=\"high\" decoding=\"async\" class=\"alignnone size-medium wp-image-9920\" src=\"https:\/\/royalswiss.myskydoowebsite.com\/wp-content\/uploads\/2020\/03\/000000000000043421_E1-300x175.jpg\" alt=\"\" width=\"300\" height=\"175\" srcset=\"https:\/\/royalswiss.myskydoowebsite.com\/wp-content\/uploads\/2020\/03\/000000000000043421_E1-300x175.jpg 300w, https:\/\/royalswiss.myskydoowebsite.com\/wp-content\/uploads\/2020\/03\/000000000000043421_E1-768x448.jpg 768w, https:\/\/royalswiss.myskydoowebsite.com\/wp-content\/uploads\/2020\/03\/000000000000043421_E1-555x324.jpg 555w, https:\/\/royalswiss.myskydoowebsite.com\/wp-content\/uploads\/2020\/03\/000000000000043421_E1.jpg 850w\" sizes=\"(max-width: 300px) 100vw, 300px\" \/>\u00a0 \u00a0 \u00a0 \u00a0 \u00a0 \u00a0 \u00a0 \u00a0 \u00a0 \u00a0 \u00a0 \u00a0 \u00a0 <img decoding=\"async\" class=\"alignnone size-medium wp-image-9921\" src=\"https:\/\/royalswiss.myskydoowebsite.com\/wp-content\/uploads\/2020\/03\/Pancakes-14-300x169.jpg\" alt=\"\" width=\"300\" height=\"169\" srcset=\"https:\/\/royalswiss.myskydoowebsite.com\/wp-content\/uploads\/2020\/03\/Pancakes-14-300x169.jpg 300w, https:\/\/royalswiss.myskydoowebsite.com\/wp-content\/uploads\/2020\/03\/Pancakes-14-1024x576.jpg 1024w, https:\/\/royalswiss.myskydoowebsite.com\/wp-content\/uploads\/2020\/03\/Pancakes-14-768x432.jpg 768w, https:\/\/royalswiss.myskydoowebsite.com\/wp-content\/uploads\/2020\/03\/Pancakes-14-1536x864.jpg 1536w, https:\/\/royalswiss.myskydoowebsite.com\/wp-content\/uploads\/2020\/03\/Pancakes-14-555x312.jpg 555w, https:\/\/royalswiss.myskydoowebsite.com\/wp-content\/uploads\/2020\/03\/Pancakes-14.jpg 2048w\" sizes=\"(max-width: 300px) 100vw, 300px\" \/><\/div>\n<div><\/div>\n<div><b>Spatule et r\u00e2teau inclus<\/b><br \/>\nUtilisez le r\u00e2teau en bois pour \u00e9taler uniform\u00e9ment la p\u00e2te et utilisez la spatule en bois pour retourner ou retirer la cr\u00eape du plateau de cuisson, afin de ne pas endommager le rev\u00eatement antiadh\u00e9sif.<\/div>\n<div><b>Rev\u00eatement antiadh\u00e9sif<\/b><br \/>\nGr\u00e2ce \u00e0 la surface antiadh\u00e9sive de la plaque de cuisson, vous pouvez facilement retirer vos cr\u00eapes. Les p\u00e2tes fines peuvent demander l&rsquo;application de mati\u00e8re grasse sur le plateau avant la cuisson de la premi\u00e8re cr\u00eape et, au besoin, pour les cr\u00eapes suivantes. Remarque : Ne pas rayer la surface antiadh\u00e9sive de l&rsquo;appareil.<\/div>\n<div><b>Simple d&rsquo;utilisation<\/b><br \/>\nLorsque l&rsquo;appareil a atteint la bonne temp\u00e9rature, le t\u00e9moin lumineux \u00ab Pr\u00eat \u00bb s&rsquo;allume , indiquant que l&rsquo;appareil est pr\u00eat \u00e0 l&#8217;emploi. Une fa\u00e7on amusante et rapide de cuire des cr\u00eapes, des omelettes, des pancakes, des tortillas \u00e0 base farine ou tout autre aliment rond et fin qui peut \u00eatre cuit sur un plateau de cuisson !<\/div>\n<div><b>Utilisation polyvalente<\/b><br \/>\nLaissez libre cours \u00e0 votre imagination avec cette cr\u00eapi\u00e8re ! Couvrez vos cr\u00eapes ou pancakes avec du sirop, de la cr\u00e8me glac\u00e9e, du chocolat fondu, des fruits et tout ce que vous aimez. Ou utilisez-la pour vous confectionnez une gigantesque omelette lors de vos brunchs du dimanche matin.<\/div>\n<div><\/div>\n<div><img decoding=\"async\" class=\" wp-image-9919 aligncenter\" src=\"https:\/\/royalswiss.myskydoowebsite.com\/wp-content\/uploads\/2020\/03\/zBP2961_2-300x300.jpg\" alt=\"\" width=\"353\" height=\"353\" srcset=\"https:\/\/royalswiss.myskydoowebsite.com\/wp-content\/uploads\/2020\/03\/zBP2961_2-300x300.jpg 300w, https:\/\/royalswiss.myskydoowebsite.com\/wp-content\/uploads\/2020\/03\/zBP2961_2-1024x1024.jpg 1024w, https:\/\/royalswiss.myskydoowebsite.com\/wp-content\/uploads\/2020\/03\/zBP2961_2-150x150.jpg 150w, https:\/\/royalswiss.myskydoowebsite.com\/wp-content\/uploads\/2020\/03\/zBP2961_2-768x768.jpg 768w, https:\/\/royalswiss.myskydoowebsite.com\/wp-content\/uploads\/2020\/03\/zBP2961_2-500x500.jpg 500w, https:\/\/royalswiss.myskydoowebsite.com\/wp-content\/uploads\/2020\/03\/zBP2961_2-262x262.jpg 262w, https:\/\/royalswiss.myskydoowebsite.com\/wp-content\/uploads\/2020\/03\/zBP2961_2-555x555.jpg 555w, https:\/\/royalswiss.myskydoowebsite.com\/wp-content\/uploads\/2020\/03\/zBP2961_2-160x160.jpg 160w, https:\/\/royalswiss.myskydoowebsite.com\/wp-content\/uploads\/2020\/03\/zBP2961_2.jpg 1200w\" sizes=\"(max-width: 353px) 100vw, 353px\" \/><\/div>\n<div><\/div>\n<div><\/div>\n<div><\/div>\n<div>\n<h6><\/h6>\n<h6><strong>Garantie 2 ans\u00a0(les retours sont aux frais du client)<\/strong><\/h6>\n<h6><strong>Vous pouvez nous retourner votre achat en ligne si :<\/strong><\/h6>\n<ul>\n<li>\n<h6><strong>Votre produit a \u00e9t\u00e9 livr\u00e9 il y a moins de 7 jours.<\/strong><\/h6>\n<\/li>\n<li>\n<h6><strong>Vous \u00eates toujours en possession de l&#8217;emballage d&rsquo;origine et de son contenu original au complet.<\/strong><\/h6>\n<\/li>\n<li>\n<h6><strong>Vous n&rsquo;avez pas utilis\u00e9 l&rsquo;objet et celui-ci est toujours dans son emballage<\/strong><\/h6>\n<\/li>\n<li>\n<h6><strong>Vous avez re\u00e7u un produit incorrect ou inappropri\u00e9 et que l&#8217;emballage n&rsquo;est pas ouvert.<\/strong><\/h6>\n<h6><\/h6>\n<\/li>\n<\/ul>\n<h6><strong>(Les frais de\u00a0retour\u00a0sont \u00e0 la charge du client, sauf en cas d&rsquo;erreur de notre part et le remboursement se fera seulement apr\u00e8s la r\u00e9ception de nos\u00a0articles)<\/strong><\/h6>\n<\/div>\n<div><\/div>\n","protected":false},"excerpt":{"rendered":"<div><\/div>\n<div><em><strong>Cr\u00eapi\u00e8re \u00e9lectrique 1000W | 30cm Diam\u00e8tre | Plaque Antiadh\u00e9sive | Temp\u00e9rature R\u00e9glable | R\u00e2teau et Spatule Inclus | Multi-Usage Cr\u00eapes Pancakes Omelettes<\/strong><\/em><\/div>\n<div><\/div>\n<div id=\"presContent\" class=\"fpBlk testSep extCode\">La cr\u00eapi\u00e8re \u00e9lectrique Royal Swiss vous permet de pr\u00e9parer des d\u00e9licieuses cr\u00eapes maison en un tour de main. Ses niveaux de cuisson vous permettent de varier la cuisson de la p\u00e2te \u00e0 votre go\u00fbt. Elle poss\u00e8de un rev\u00eatement anti adh\u00e9sif et une plaque de cuisson fixe<\/div>\n<div><\/div>\n<div class=\"fpBlk testSep extCode\">SP\u00c9CIFICATIONS :<\/div>\n<div><\/div>\n<div class=\"fpBlk testSep extCode\">Puissance : 1000 WATTS<\/div>\n<div class=\"fpBlk testSep extCode\">Surface de cuisson : 30 cm de diam\u00e8tre<\/div>\n<div class=\"fpBlk testSep extCode\">Variateur de cuisson<\/div>\n<div class=\"fpBlk testSep extCode\">Rev\u00eatement anti-adh\u00e9sif<\/div>\n<div class=\"fpBlk testSep extCode\">Indicateurs lumineux<\/div>\n<div><\/div>\n<div><img loading=\"lazy\" decoding=\"async\" class=\" wp-image-9918 aligncenter\" src=\"https:\/\/royalswiss.myskydoowebsite.com\/wp-content\/uploads\/2020\/03\/349_w1024h768c1cx1608cy1028-300x225.jpg\" alt=\"\" width=\"359\" height=\"269\" srcset=\"https:\/\/royalswiss.myskydoowebsite.com\/wp-content\/uploads\/2020\/03\/349_w1024h768c1cx1608cy1028-300x225.jpg 300w, https:\/\/royalswiss.myskydoowebsite.com\/wp-content\/uploads\/2020\/03\/349_w1024h768c1cx1608cy1028-768x576.jpg 768w, https:\/\/royalswiss.myskydoowebsite.com\/wp-content\/uploads\/2020\/03\/349_w1024h768c1cx1608cy1028-555x416.jpg 555w, https:\/\/royalswiss.myskydoowebsite.com\/wp-content\/uploads\/2020\/03\/349_w1024h768c1cx1608cy1028.jpg 1024w\" sizes=\"(max-width: 359px) 100vw, 359px\" \/><\/div>\n","protected":false},"featured_media":9917,"comment_status":"open","ping_status":"closed","template":"","meta":[],"product_brand":[],"product_cat":[56,33,1558,15],"product_tag":[],"class_list":{"0":"post-9914","1":"product","2":"type-product","3":"status-publish","4":"has-post-thumbnail","6":"product_cat-electromenager","7":"product_cat-petit-electromenager","8":"product_cat-plancha-panini","9":"product_cat-uncategorized","11":"first","12":"instock","13":"sale","14":"taxable","15":"shipping-taxable","16":"purchasable","17":"product-type-simple"},"_links":{"self":[{"href":"https:\/\/royalswiss.myskydoowebsite.com\/index.php?rest_route=\/wp\/v2\/product\/9914","targetHints":{"allow":["GET"]}}],"collection":[{"href":"https:\/\/royalswiss.myskydoowebsite.com\/index.php?rest_route=\/wp\/v2\/product"}],"about":[{"href":"https:\/\/royalswiss.myskydoowebsite.com\/index.php?rest_route=\/wp\/v2\/types\/product"}],"replies":[{"embeddable":true,"href":"https:\/\/royalswiss.myskydoowebsite.com\/index.php?rest_route=%2Fwp%2Fv2%2Fcomments&post=9914"}],"version-history":[{"count":8,"href":"https:\/\/royalswiss.myskydoowebsite.com\/index.php?rest_route=\/wp\/v2\/product\/9914\/revisions"}],"predecessor-version":[{"id":14400,"href":"https:\/\/royalswiss.myskydoowebsite.com\/index.php?rest_route=\/wp\/v2\/product\/9914\/revisions\/14400"}],"wp:featuredmedia":[{"embeddable":true,"href":"https:\/\/royalswiss.myskydoowebsite.com\/index.php?rest_route=\/wp\/v2\/media\/9917"}],"wp:attachment":[{"href":"https:\/\/royalswiss.myskydoowebsite.com\/index.php?rest_route=%2Fwp%2Fv2%2Fmedia&parent=9914"}],"wp:term":[{"taxonomy":"product_brand","embeddable":true,"href":"https:\/\/royalswiss.myskydoowebsite.com\/index.php?rest_route=%2Fwp%2Fv2%2Fproduct_brand&post=9914"},{"taxonomy":"product_cat","embeddable":true,"href":"https:\/\/royalswiss.myskydoowebsite.com\/index.php?rest_route=%2Fwp%2Fv2%2Fproduct_cat&post=9914"},{"taxonomy":"product_tag","embeddable":true,"href":"https:\/\/royalswiss.myskydoowebsite.com\/index.php?rest_route=%2Fwp%2Fv2%2Fproduct_tag&post=9914"}],"curies":[{"name":"wp","href":"https:\/\/api.w.org\/{rel}","templated":true}]}}