{"id":9629,"date":"2020-02-26T18:32:09","date_gmt":"2020-02-26T17:32:09","guid":{"rendered":"https:\/\/royalswiss.myskydoowebsite.com\/?post_type=product&#038;p=9629"},"modified":"2022-09-15T18:16:08","modified_gmt":"2022-09-15T16:16:08","slug":"centrifugeuse-extracteur-de-jus-de-fruit-600-watt","status":"publish","type":"product","link":"https:\/\/royalswiss.myskydoowebsite.com\/?product=centrifugeuse-extracteur-de-jus-de-fruit-600-watt","title":{"rendered":"Centrifugeuse\/Extracteur de jus de fruit 600 watt"},"content":{"rendered":"<table align=\"center\">\n<tbody>\n<tr>\n<td>\n<div id=\"ds_div\">\n<div><\/div>\n<div>Extracteur (centrifugeuse) de jus de fruits et l\u00e9gumes, qualit\u00e9 nutritive !<\/div>\n<div><span style=\"font-family: Arial\">Mettre le fruit entier, il n\u2019est pas n\u00e9cessaire de le couper<\/span><\/div>\n<div><span style=\"font-family: Arial\">Simple et \u00e9l\u00e9gante<\/span><\/div>\n<div><span style=\"font-family: Arial\">protection anti surchauffe<\/span><\/div>\n<div><span style=\"font-family: Arial\">\u00a0<\/span><\/div>\n<div><span style=\"font-family: Arial\">Marque ROYAL SWISS\u00a0 \u00a0 \u00a0<\/span><\/div>\n<div><span style=\"font-family: Arial\">\u00a0Presse-agrumes automatique professionnel dans un bo\u00eetier en inox de haute qualit\u00e9<\/span><\/div>\n<div><span style=\"font-family: Arial\">Jus de fruits et de l\u00e9gumes pr\u00e9par\u00e9s rapidement et fra\u00eechement<\/span><\/div>\n<div><span style=\"font-family: Arial\">Riche en min\u00e9raux essentiels pour le bien-\u00eatre, la forme physique et la sant\u00e9<\/span><\/div>\n<div><span style=\"font-family: Arial\">30% plus de jus et de vitamines<\/span><\/div>\n<div><span style=\"font-family: Arial\">Bec de remplissage extra large (75 mm \u00d8)<\/span><\/div>\n<div><span style=\"font-family: Arial\">Extrait le jus de pommes, carottes et autres fruits en quelques secondes sans avoir \u00e0 les hacher<\/span><\/div>\n<div><span style=\"font-family: Arial\">Moteur puissant de 600 watts max.<\/span><\/div>\n<div><span style=\"font-family: Arial\">R\u00e9cipient \u00e0 p\u00e2te \u00e0 grand volume (capacit\u00e9 d&rsquo;environ 2,0 litres)<\/span><\/div>\n<div><span style=\"font-family: Arial\">Bec verseur en acier inoxydable ouvert<\/span><\/div>\n<div><span style=\"font-family: Arial\">Bec verseur anti-gouttes flexible &#8211; sans \u00e9claboussures ni essuyage<\/span><\/div>\n<div><span style=\"font-family: Arial\">2 r\u00e9glages de vitesse (0-1-2)<\/span><\/div>\n<div><span style=\"font-family: Arial\">Serrure avec interrupteur de s\u00e9curit\u00e9<\/span><\/div>\n<div><span style=\"font-family: Arial\">Tamis en acier inoxydable pour les meilleurs jus<\/span><\/div>\n<div><span style=\"font-family: Arial\">Peut \u00eatre compl\u00e8tement d\u00e9mont\u00e9 &#8211; nettoyage rapide et facile<\/span><\/div>\n<div><span style=\"font-family: Arial\">Haute stabilit\u00e9<\/span><\/div>\n<div><\/div>\n<div><span style=\"font-family: Arial\">Puissance absorb\u00e9e: 600 W max.<\/span><\/div>\n<\/div>\n<div><\/div>\n<div>\n<h6><strong>Garantie 2 ans ( les retours sont aux frais du client )<\/strong><\/h6>\n<h6><strong><em>Vous pouvez nous retourner votre achat en ligne si :<\/em><\/strong><\/h6>\n<ul>\n<li>\n<h6><strong>Votre produit a \u00e9t\u00e9 livr\u00e9 il y a moins de 7 jours.<\/strong><\/h6>\n<\/li>\n<li>\n<h6><strong>Vous \u00eates toujours en possession de l&#8217;emballage d&rsquo;origine et de son contenu original au complet.<\/strong><\/h6>\n<\/li>\n<li>\n<h6><strong>Vous n&rsquo;avez pas utilis\u00e9 l&rsquo;objet et celui ci est toujours dans son emballage\u00a0<\/strong><\/h6>\n<\/li>\n<li>\n<h6><strong>Vous avez re\u00e7u un produit incorrect ou inappropri\u00e9 et que l&#8217;emballage n&rsquo;est pas ouvert.<\/strong><\/h6>\n<\/li>\n<li>\n<h6><strong>(\u00a0\u00a0Les frais de\u00a0retour\u00a0sont \u00e0 la charge du client, sauf en cas d&rsquo;erreur de notre part et le remboursement se fera seulement apr\u00e8s la r\u00e9ception de nos\u00a0articles\u00a0)\u00a0<\/strong><\/h6>\n<\/li>\n<\/ul>\n<p>&nbsp;<\/p>\n<\/div>\n<\/td>\n<\/tr>\n<\/tbody>\n<\/table>\n<p>&nbsp;<\/p>\n","protected":false},"excerpt":{"rendered":"<p>&nbsp;<\/p>\n","protected":false},"featured_media":9635,"comment_status":"open","ping_status":"closed","template":"","meta":[],"product_brand":[],"product_cat":[1554,56,33,15],"product_tag":[],"class_list":{"0":"post-9629","1":"product","2":"type-product","3":"status-publish","4":"has-post-thumbnail","6":"product_cat-centrifugeuse","7":"product_cat-electromenager","8":"product_cat-petit-electromenager","9":"product_cat-uncategorized","11":"first","12":"instock","13":"sale","14":"taxable","15":"shipping-taxable","16":"purchasable","17":"product-type-simple"},"_links":{"self":[{"href":"https:\/\/royalswiss.myskydoowebsite.com\/index.php?rest_route=\/wp\/v2\/product\/9629","targetHints":{"allow":["GET"]}}],"collection":[{"href":"https:\/\/royalswiss.myskydoowebsite.com\/index.php?rest_route=\/wp\/v2\/product"}],"about":[{"href":"https:\/\/royalswiss.myskydoowebsite.com\/index.php?rest_route=\/wp\/v2\/types\/product"}],"replies":[{"embeddable":true,"href":"https:\/\/royalswiss.myskydoowebsite.com\/index.php?rest_route=%2Fwp%2Fv2%2Fcomments&post=9629"}],"version-history":[{"count":5,"href":"https:\/\/royalswiss.myskydoowebsite.com\/index.php?rest_route=\/wp\/v2\/product\/9629\/revisions"}],"predecessor-version":[{"id":14407,"href":"https:\/\/royalswiss.myskydoowebsite.com\/index.php?rest_route=\/wp\/v2\/product\/9629\/revisions\/14407"}],"wp:featuredmedia":[{"embeddable":true,"href":"https:\/\/royalswiss.myskydoowebsite.com\/index.php?rest_route=\/wp\/v2\/media\/9635"}],"wp:attachment":[{"href":"https:\/\/royalswiss.myskydoowebsite.com\/index.php?rest_route=%2Fwp%2Fv2%2Fmedia&parent=9629"}],"wp:term":[{"taxonomy":"product_brand","embeddable":true,"href":"https:\/\/royalswiss.myskydoowebsite.com\/index.php?rest_route=%2Fwp%2Fv2%2Fproduct_brand&post=9629"},{"taxonomy":"product_cat","embeddable":true,"href":"https:\/\/royalswiss.myskydoowebsite.com\/index.php?rest_route=%2Fwp%2Fv2%2Fproduct_cat&post=9629"},{"taxonomy":"product_tag","embeddable":true,"href":"https:\/\/royalswiss.myskydoowebsite.com\/index.php?rest_route=%2Fwp%2Fv2%2Fproduct_tag&post=9629"}],"curies":[{"name":"wp","href":"https:\/\/api.w.org\/{rel}","templated":true}]}}