{"id":7443,"date":"2019-12-18T10:48:24","date_gmt":"2019-12-18T09:48:24","guid":{"rendered":"https:\/\/royalswiss.myskydoowebsite.com\/?post_type=product&#038;p=7443"},"modified":"2022-07-27T19:36:05","modified_gmt":"2022-07-27T17:36:05","slug":"batterie-de-cuisine-inox-12-pieces","status":"publish","type":"product","link":"https:\/\/royalswiss.myskydoowebsite.com\/?product=batterie-de-cuisine-inox-12-pieces","title":{"rendered":"Batterie de cuisine inox  12 pi\u00e8ces"},"content":{"rendered":"<p style=\"font-weight: 400\"><strong><em>Batterie de cuisine 12 pi\u00e8ces en Acier inoxydable 18\/10<\/em><\/strong><\/p>\n<p style=\"font-weight: 400\"><strong><em>Il est possible de l\u2019utiliser avec tac \u00e9lectrique, Electricit\u00e9, gaz et induction ( tout feux) .<\/em><\/strong><\/p>\n<p style=\"font-weight: 400\"><strong><em>Set de qualit\u00e9 premium avec couvercle en verre design et \u00e9l\u00e9gant.<\/em><\/strong><\/p>\n<p style=\"font-weight: 400\"><strong><em>Fonctions innovantes exceptionnelle et des possibilit\u00e9s d\u2019utilisation universelles. La gamme Premium Classic Stainless de Royal Swiss repose sur une base en acier inoxydable 18\/10 avec un fond thermique de 7 couches qui permettent la conduction de la chaleur de sorte \u00e0 ce que les aliments sont chauff\u00e9s rapidement et restent longtemps chauds. Avec ce set d\u2019accessoire de cuisine, nous pouvons tous cuisiner. Ils ont un design \u00e9l\u00e9gant avec leur ext\u00e9rieur en inox et sont \u00e9quip\u00e9es de poign\u00e9es ergonomiques qui ne chauffent pas.<\/em><\/strong><\/p>\n<p style=\"font-weight: 400\"><strong><em>\u00a0Fond thermique puissant pour une r\u00e9partition optimale de la chaleur.<\/em><\/strong><\/p>\n<p style=\"font-weight: 400\">D\u00e9tails sur le produit\u00a0:<\/p>\n<ul>\n<li style=\"font-weight: 400\">Acier inoxydable<\/li>\n<li style=\"font-weight: 400\">Composition\u00a0:<\/li>\n<\/ul>\n<p style=\"font-weight: 400\">\u00d8\u00a0\u00a0Casserole \u00d816 cm x 10,5 cm 2,1L ,<\/p>\n<p style=\"font-weight: 400\">\u00d8\u00a0\u00a0Faitout avec couvercle \u00d816&#215;10,5cm 2,1L<\/p>\n<p style=\"font-weight: 400\">\u00d8\u00a0\u00a0Faitout avec couvercle \u00d818&#215;11,5cm 2,9L<\/p>\n<p style=\"font-weight: 400\">\u00d8\u00a0\u00a0Faitout avec couvercle \u00d820&#215;12,5cm 3,9L<\/p>\n<p style=\"font-weight: 400\">\u00d8\u00a0\u00a0Faitout avec couvercle \u00d824&#215;14,5cm 6,5L<\/p>\n<p style=\"font-weight: 400\">\u00d8\u00a0\u00a0Po\u00eale + couvercle et int\u00e9rieur en REV\u00caTEMENT MARBRE \u00d824&#215;7.5cm 3.3L<\/p>\n<ul>\n<li style=\"font-weight: 400\">Convient pour tout feux y compris induction<\/li>\n<\/ul>\n","protected":false},"excerpt":{"rendered":"<p style=\"font-weight: 400\">D\u00e9tails sur le produit\u00a0:<\/p>\n<ul>\n<li style=\"font-weight: 400\">Acier inoxydable<\/li>\n<li>Convient pour tout feux y compris induction<\/li>\n<li style=\"font-weight: 400\">Composition : Casserole \u00d816 cm x 10,5 cm 2,1L ,<\/li>\n<\/ul>\n<p style=\"font-weight: 400\">\u00a0 \u00a0 \u00a0 \u00a0 \u00a0 \u00a0 \u00a0 \u00a0 \u00a0 \u00a0 \u00a0 \u00a0 \u00a0 \u00a0 \u00a0 \u00a0 \u00a0 \u00a0 \u00a0 Faitout avec couvercle \u00d816\u00d710,5cm 2,1L<\/p>\n<p style=\"font-weight: 400\">\u00a0 \u00a0 \u00a0 \u00a0 \u00a0 \u00a0 \u00a0 \u00a0 \u00a0 \u00a0 \u00a0 \u00a0 \u00a0 \u00a0 \u00a0 \u00a0 \u00a0 \u00a0 \u00a0 Faitout avec couvercle \u00d818\u00d711,5cm 2,9L<\/p>\n<p style=\"font-weight: 400\">\u00a0 \u00a0 \u00a0 \u00a0 \u00a0 \u00a0 \u00a0 \u00a0 \u00a0 \u00a0 \u00a0 \u00a0 \u00a0 \u00a0 \u00a0 \u00a0 \u00a0 \u00a0 \u00a0 \u00a0Faitout avec couvercle \u00d820\u00d712,5cm 3,9L<\/p>\n<p style=\"font-weight: 400\">\u00a0 \u00a0 \u00a0 \u00a0 \u00a0 \u00a0 \u00a0 \u00a0 \u00a0 \u00a0 \u00a0 \u00a0 \u00a0 \u00a0 \u00a0 \u00a0 \u00a0 \u00a0 \u00a0 \u00a0 Faitout avec couvercle \u00d824\u00d714,5cm 6,5L<\/p>\n<p style=\"font-weight: 400\">\u00a0 \u00a0 \u00a0 \u00a0 \u00a0 \u00a0 \u00a0 \u00a0 \u00a0 \u00a0 \u00a0 \u00a0 \u00a0 \u00a0 \u00a0 \u00a0 \u00a0 \u00a0 \u00a0 \u00a0 Po\u00eale + couvercle et int\u00e9rieur en REV\u00caTEMENT MARBRE \u00d824\u00d77.5cm 3.3L<\/p>\n<p>&nbsp;<\/p>\n","protected":false},"featured_media":7444,"comment_status":"open","ping_status":"closed","template":"","meta":[],"product_brand":[],"product_cat":[41,21],"product_tag":[],"class_list":{"0":"post-7443","1":"product","2":"type-product","3":"status-publish","4":"has-post-thumbnail","6":"product_cat-batterie-de-cuisine","7":"product_cat-cuisine","9":"first","10":"instock","11":"sale","12":"taxable","13":"shipping-taxable","14":"purchasable","15":"product-type-simple"},"_links":{"self":[{"href":"https:\/\/royalswiss.myskydoowebsite.com\/index.php?rest_route=\/wp\/v2\/product\/7443","targetHints":{"allow":["GET"]}}],"collection":[{"href":"https:\/\/royalswiss.myskydoowebsite.com\/index.php?rest_route=\/wp\/v2\/product"}],"about":[{"href":"https:\/\/royalswiss.myskydoowebsite.com\/index.php?rest_route=\/wp\/v2\/types\/product"}],"replies":[{"embeddable":true,"href":"https:\/\/royalswiss.myskydoowebsite.com\/index.php?rest_route=%2Fwp%2Fv2%2Fcomments&post=7443"}],"version-history":[{"count":6,"href":"https:\/\/royalswiss.myskydoowebsite.com\/index.php?rest_route=\/wp\/v2\/product\/7443\/revisions"}],"predecessor-version":[{"id":14291,"href":"https:\/\/royalswiss.myskydoowebsite.com\/index.php?rest_route=\/wp\/v2\/product\/7443\/revisions\/14291"}],"wp:featuredmedia":[{"embeddable":true,"href":"https:\/\/royalswiss.myskydoowebsite.com\/index.php?rest_route=\/wp\/v2\/media\/7444"}],"wp:attachment":[{"href":"https:\/\/royalswiss.myskydoowebsite.com\/index.php?rest_route=%2Fwp%2Fv2%2Fmedia&parent=7443"}],"wp:term":[{"taxonomy":"product_brand","embeddable":true,"href":"https:\/\/royalswiss.myskydoowebsite.com\/index.php?rest_route=%2Fwp%2Fv2%2Fproduct_brand&post=7443"},{"taxonomy":"product_cat","embeddable":true,"href":"https:\/\/royalswiss.myskydoowebsite.com\/index.php?rest_route=%2Fwp%2Fv2%2Fproduct_cat&post=7443"},{"taxonomy":"product_tag","embeddable":true,"href":"https:\/\/royalswiss.myskydoowebsite.com\/index.php?rest_route=%2Fwp%2Fv2%2Fproduct_tag&post=7443"}],"curies":[{"name":"wp","href":"https:\/\/api.w.org\/{rel}","templated":true}]}}