{"id":6613,"date":"2019-11-22T18:48:56","date_gmt":"2019-11-22T17:48:56","guid":{"rendered":"https:\/\/royalswiss.myskydoowebsite.com\/?post_type=product&#038;p=6613"},"modified":"2022-10-18T13:17:12","modified_gmt":"2022-10-18T11:17:12","slug":"bmw-gt3-pack-m","status":"publish","type":"product","link":"https:\/\/royalswiss.myskydoowebsite.com\/?product=bmw-gt3-pack-m","title":{"rendered":"BMW GT3 pack M"},"content":{"rendered":"<p>License officielle BMW<br \/>\nVOITURE \u00c9LECTRIQUE POUR ENFANT 12V avec t\u00e9l\u00e9commande<br \/>\nCaract\u00e9ristiques techniques BMW GT3 M<\/p>\n<p>Vitesse : 3 \u00e0 6 km\/h (d\u00e9marrage progressif)<br \/>\n3 vitesses<br \/>\nDur\u00e9e d&rsquo;utilisation : 1.5 heures (en fonction du poids de l&rsquo;enfants et du type de sol)<br \/>\nMoteur : 2 x 45W<br \/>\nBatterie : 1 x 12V (7Ah)<br \/>\nTemps de chargement 8 &#8211; 12 Heures<br \/>\nCarrosserie : plastique<br \/>\nJantes : Imitation chrome<br \/>\nType de si\u00e8ge : 1 place<\/p>\n<p>Indicateur batterie<br \/>\nCeinture de s\u00e9curit\u00e9<br \/>\nPortes ouvrables<br \/>\nSons : OUI<br \/>\nPhares : OUI<br \/>\nT\u00e9l\u00e9commande : OUI \/ 2.4 Ghz<br \/>\nSyst\u00e8me Audio : USB \/ Bluetooth \/ Music Panel<br \/>\nContr\u00f4le du volume : OUI<br \/>\nP\u00e9dale d&rsquo;acc\u00e9l\u00e9rateur : OUI<br \/>\nR\u00e9tro\u00e9clairage : OUI<br \/>\nSi\u00e8ge en cuir : OUI<br \/>\nRoue en gomme EVA. Ces roues permettent une conduite plus silencieuse et une meilleure adh\u00e9rence au sol. Conforme aux normes CE, EMC et EN71-1<\/p>\n<p>Dimensions 130 cm x 64 cm x 48 cm<br \/>\nAssise : 35 cm<br \/>\nPoids de la voiture : 25 kg<\/p>\n<p>&nbsp;<\/p>\n<p>&nbsp;<\/p>\n<p>&nbsp;<\/p>\n<p>&nbsp;<\/p>\n<h6><strong>Garantie 2 ans\u00a0(les retours sont aux frais du client)<\/strong><\/h6>\n<h6><strong>Vous pouvez nous retourner votre achat en ligne si :<\/strong><\/h6>\n<ul>\n<li>\n<h6><strong>Votre produit a \u00e9t\u00e9 livr\u00e9 il y a moins de 7 jours.<\/strong><\/h6>\n<\/li>\n<li>\n<h6><strong>Vous \u00eates toujours en possession de l\u2019emballage d\u2019origine et de son contenu original au complet.<\/strong><\/h6>\n<\/li>\n<li>\n<h6><strong>Vous n\u2019avez pas utilis\u00e9 l\u2019objet et celui-ci est toujours dans son emballage<\/strong><\/h6>\n<\/li>\n<li>\n<h6><strong>Vous avez re\u00e7u un produit incorrect ou inappropri\u00e9 et que l\u2019emballage n\u2019est pas ouvert.<\/strong><\/h6>\n<h6><\/h6>\n<\/li>\n<\/ul>\n<h6><strong>(Les frais de\u00a0retour\u00a0sont \u00e0 la charge du client, sauf en cas d\u2019erreur de notre part et le remboursement se fera seulement apr\u00e8s la r\u00e9ception de nos\u00a0articles)<\/strong><\/h6>\n","protected":false},"excerpt":{"rendered":"<p>License officielle BMW VOITURE \u00c9LECTRIQUE POUR ENFANT 12V avec t\u00e9l\u00e9commande Caract\u00e9ristiques techniques BMW GT3 M Vitesse : 3 \u00e0 6 km\/h (d\u00e9marrage progressif) 3 vitesses Dur\u00e9e d&rsquo;utilisation : 1.5 heures (en fonction du poids de l&rsquo;enfants et du type de sol) Moteur : 2 x 45W Batterie : 1 x 12V (7Ah) Temps de chargement [&hellip;]<\/p>\n","protected":false},"featured_media":15018,"comment_status":"open","ping_status":"closed","template":"","meta":[],"product_brand":[],"product_cat":[30,15,40],"product_tag":[],"class_list":{"0":"post-6613","1":"product","2":"type-product","3":"status-publish","4":"has-post-thumbnail","6":"product_cat-enfants","7":"product_cat-uncategorized","8":"product_cat-electriquevoiture","10":"first","11":"instock","12":"sale","13":"taxable","14":"shipping-taxable","15":"purchasable","16":"product-type-variable"},"_links":{"self":[{"href":"https:\/\/royalswiss.myskydoowebsite.com\/index.php?rest_route=\/wp\/v2\/product\/6613","targetHints":{"allow":["GET"]}}],"collection":[{"href":"https:\/\/royalswiss.myskydoowebsite.com\/index.php?rest_route=\/wp\/v2\/product"}],"about":[{"href":"https:\/\/royalswiss.myskydoowebsite.com\/index.php?rest_route=\/wp\/v2\/types\/product"}],"replies":[{"embeddable":true,"href":"https:\/\/royalswiss.myskydoowebsite.com\/index.php?rest_route=%2Fwp%2Fv2%2Fcomments&post=6613"}],"version-history":[{"count":1,"href":"https:\/\/royalswiss.myskydoowebsite.com\/index.php?rest_route=\/wp\/v2\/product\/6613\/revisions"}],"predecessor-version":[{"id":6622,"href":"https:\/\/royalswiss.myskydoowebsite.com\/index.php?rest_route=\/wp\/v2\/product\/6613\/revisions\/6622"}],"wp:featuredmedia":[{"embeddable":true,"href":"https:\/\/royalswiss.myskydoowebsite.com\/index.php?rest_route=\/wp\/v2\/media\/15018"}],"wp:attachment":[{"href":"https:\/\/royalswiss.myskydoowebsite.com\/index.php?rest_route=%2Fwp%2Fv2%2Fmedia&parent=6613"}],"wp:term":[{"taxonomy":"product_brand","embeddable":true,"href":"https:\/\/royalswiss.myskydoowebsite.com\/index.php?rest_route=%2Fwp%2Fv2%2Fproduct_brand&post=6613"},{"taxonomy":"product_cat","embeddable":true,"href":"https:\/\/royalswiss.myskydoowebsite.com\/index.php?rest_route=%2Fwp%2Fv2%2Fproduct_cat&post=6613"},{"taxonomy":"product_tag","embeddable":true,"href":"https:\/\/royalswiss.myskydoowebsite.com\/index.php?rest_route=%2Fwp%2Fv2%2Fproduct_tag&post=6613"}],"curies":[{"name":"wp","href":"https:\/\/api.w.org\/{rel}","templated":true}]}}