{"id":6427,"date":"2019-10-15T18:07:56","date_gmt":"2019-10-15T16:07:56","guid":{"rendered":"https:\/\/royalswiss.myskydoowebsite.com\/?post_type=product&#038;p=6427"},"modified":"2021-09-07T13:21:27","modified_gmt":"2021-09-07T11:21:27","slug":"set-de-cle-a-douille-16-pcs","status":"publish","type":"product","link":"https:\/\/royalswiss.myskydoowebsite.com\/?product=set-de-cle-a-douille-16-pcs","title":{"rendered":"SET DE CL\u00c9 \u00c0 DOUILLE 16 PCS"},"content":{"rendered":"<p>Des voitures aux camions et tracteurs en passant par l\u2019\u00e9quipement lourd et les grosses machines, les gros travaux de r\u00e9paration et de r\u00e9paration n\u00e9cessitent la cl\u00e9 \u00e0 douille 16 pi\u00e8ces Kraft TWorld Professional Line. Chaque douille poss\u00e8de une ouverture \u00e0 six points qui s\u2019adapte parfaitement aux t\u00eates de fixation hexagonales pour appliquer un couple maximal sans glisser. Leur conception avanc\u00e9e saisit les c\u00f4t\u00e9s plats des attaches, pas les coins, pour \u00e9viter l\u2019arrondi sous une contrainte \u00e9lev\u00e9e. La barre \u00e0 cliquet et la barre de disjoncteur sont toutes deux munies d\u2019une languette d\u2019entra\u00eenement de retenue et d\u2019une poign\u00e9e antid\u00e9rapante profond\u00e9ment molet\u00e9e. Pour une port\u00e9e suppl\u00e9mentaire, les extensions de 4 et 8 pouces peuvent acc\u00e9der aux fixations dans les endroits \u00e9troits. Tous les outils sont fabriqu\u00e9s en acier forg\u00e9 et tremp\u00e9, prot\u00e9g\u00e9 par une finition chrom\u00e9e durable, et ils sont rang\u00e9s dans un \u00e9tui de transport. Les outils \u00e0 cliquet d\u2019entr\u00e9e de gamme et plus encore \u2013 pour aider les techniciens de l\u2019automobile et de l\u2019industrie \u00e0 accomplir leurs t\u00e2ches plus rapidement et plus facilement.<\/p>\n<p><strong><em>Caract\u00e9ristiques :<\/em><\/strong><\/p>\n<p><em>\u00a016 pc. Cl\u00e9 \u00e0 douille dans un bo\u00eetier moul\u00e9 par soufflage Quatorze 12 pt. Prises Plus de 3\/4 po., cliquet \u00e0 d\u00e9gagement rapide ; 8 pouces barre d\u2019extension. Les douilles \u00e0 6 points s\u2019adaptent parfaitement aux t\u00eates de fixation hexagonales pour appliquer un couple maximal sans glisser. La conception avanc\u00e9e de la prise saisit les c\u00f4t\u00e9s plats des t\u00eates de fixation, pas les coins, pour \u00e9viter l\u2019arrondi &lt;&gt; La barre \u00e0 cliquet et la barre de disjoncteur sont munies d\u2019une languette de retenue et d\u2019une poign\u00e9e antid\u00e9rapante profond\u00e9ment molet\u00e9e. Les extensions de 4 et 8 pouces ajoutent une port\u00e9e suppl\u00e9mentaire pour acc\u00e9der aux fixations dans les endroits restreints. Tous les outils sont en acier forg\u00e9 et tremp\u00e9 avec une finition chrom\u00e9e anticorrosion<\/em><\/p>\n<p><em>\u00a0<strong>Sp\u00e9cifications<\/strong> :<\/em><\/p>\n<p><em>Couleur: Jet Black<\/em><\/p>\n<p><em>\u00a0Mesure: 36cm x 47cm x 13cm<\/em><\/p>\n<p><em>\u00a0Mat\u00e9riaux: Acier inoxydable tremp\u00e9<\/em><\/p>\n<p><em>16PCS Cl\u00e9 \u00e0 douille 3\/4 \u201cSet 1 Cliquet r\u00e9versible: 780mm 3 Barres d\u2019extension: 55mm, 200mm, 400mm 12 Sockets \u00be lecteur: 19mm, 21mm, 22 mm, 24 mm, 27 mm, 30 mm, 32 mm, 36 mm, 38 mm, 41 mm, 46 mm, 50 mm 1 Pousse<\/em><\/p>\n","protected":false},"excerpt":{"rendered":"<p>Des voitures aux camions et tracteurs en passant par l\u2019\u00e9quipement lourd et les grosses machines, les gros travaux de r\u00e9paration et de r\u00e9paration n\u00e9cessitent la cl\u00e9 \u00e0 douille 16 pi\u00e8ces Kraft TWorld Professional Line. Chaque douille poss\u00e8de une ouverture \u00e0 six points qui s\u2019adapte parfaitement aux t\u00eates de fixation hexagonales pour appliquer un couple maximal [&hellip;]<\/p>\n","protected":false},"featured_media":6428,"comment_status":"open","ping_status":"closed","template":"","meta":[],"product_brand":[],"product_cat":[32],"product_tag":[67],"class_list":{"0":"post-6427","1":"product","2":"type-product","3":"status-publish","4":"has-post-thumbnail","6":"product_cat-outil","7":"product_tag-67","9":"first","10":"instock","11":"sale","12":"taxable","13":"shipping-taxable","14":"purchasable","15":"product-type-simple"},"_links":{"self":[{"href":"https:\/\/royalswiss.myskydoowebsite.com\/index.php?rest_route=\/wp\/v2\/product\/6427","targetHints":{"allow":["GET"]}}],"collection":[{"href":"https:\/\/royalswiss.myskydoowebsite.com\/index.php?rest_route=\/wp\/v2\/product"}],"about":[{"href":"https:\/\/royalswiss.myskydoowebsite.com\/index.php?rest_route=\/wp\/v2\/types\/product"}],"replies":[{"embeddable":true,"href":"https:\/\/royalswiss.myskydoowebsite.com\/index.php?rest_route=%2Fwp%2Fv2%2Fcomments&post=6427"}],"version-history":[{"count":1,"href":"https:\/\/royalswiss.myskydoowebsite.com\/index.php?rest_route=\/wp\/v2\/product\/6427\/revisions"}],"predecessor-version":[{"id":6429,"href":"https:\/\/royalswiss.myskydoowebsite.com\/index.php?rest_route=\/wp\/v2\/product\/6427\/revisions\/6429"}],"wp:featuredmedia":[{"embeddable":true,"href":"https:\/\/royalswiss.myskydoowebsite.com\/index.php?rest_route=\/wp\/v2\/media\/6428"}],"wp:attachment":[{"href":"https:\/\/royalswiss.myskydoowebsite.com\/index.php?rest_route=%2Fwp%2Fv2%2Fmedia&parent=6427"}],"wp:term":[{"taxonomy":"product_brand","embeddable":true,"href":"https:\/\/royalswiss.myskydoowebsite.com\/index.php?rest_route=%2Fwp%2Fv2%2Fproduct_brand&post=6427"},{"taxonomy":"product_cat","embeddable":true,"href":"https:\/\/royalswiss.myskydoowebsite.com\/index.php?rest_route=%2Fwp%2Fv2%2Fproduct_cat&post=6427"},{"taxonomy":"product_tag","embeddable":true,"href":"https:\/\/royalswiss.myskydoowebsite.com\/index.php?rest_route=%2Fwp%2Fv2%2Fproduct_tag&post=6427"}],"curies":[{"name":"wp","href":"https:\/\/api.w.org\/{rel}","templated":true}]}}