{"id":6342,"date":"2019-10-07T18:22:44","date_gmt":"2019-10-07T16:22:44","guid":{"rendered":"https:\/\/royalswiss.myskydoowebsite.com\/?post_type=product&#038;p=6342"},"modified":"2020-01-30T16:58:11","modified_gmt":"2020-01-30T15:58:11","slug":"barre-de-son-caisson-de-bass","status":"publish","type":"product","link":"https:\/\/royalswiss.myskydoowebsite.com\/?product=barre-de-son-caisson-de-bass","title":{"rendered":"Barre de son + caisson de Bass"},"content":{"rendered":"<p><img fetchpriority=\"high\" decoding=\"async\" class=\"alignnone size-medium wp-image-8762\" src=\"https:\/\/royalswiss.myskydoowebsite.com\/wp-content\/uploads\/2019\/10\/835e10288c-228x300.jpg\" alt=\"\" width=\"228\" height=\"300\" srcset=\"https:\/\/royalswiss.myskydoowebsite.com\/wp-content\/uploads\/2019\/10\/835e10288c-228x300.jpg 228w, https:\/\/royalswiss.myskydoowebsite.com\/wp-content\/uploads\/2019\/10\/835e10288c-768x1011.jpg 768w, https:\/\/royalswiss.myskydoowebsite.com\/wp-content\/uploads\/2019\/10\/835e10288c-778x1024.jpg 778w, https:\/\/royalswiss.myskydoowebsite.com\/wp-content\/uploads\/2019\/10\/835e10288c-555x731.jpg 555w, https:\/\/royalswiss.myskydoowebsite.com\/wp-content\/uploads\/2019\/10\/835e10288c.jpg 790w\" sizes=\"(max-width: 228px) 100vw, 228px\" \/><\/p>\n<p><img decoding=\"async\" class=\"alignnone size-medium wp-image-8763\" src=\"https:\/\/royalswiss.myskydoowebsite.com\/wp-content\/uploads\/2019\/10\/b223cfa89c-222x300.jpg\" alt=\"\" width=\"222\" height=\"300\" srcset=\"https:\/\/royalswiss.myskydoowebsite.com\/wp-content\/uploads\/2019\/10\/b223cfa89c-222x300.jpg 222w, https:\/\/royalswiss.myskydoowebsite.com\/wp-content\/uploads\/2019\/10\/b223cfa89c-768x1036.jpg 768w, https:\/\/royalswiss.myskydoowebsite.com\/wp-content\/uploads\/2019\/10\/b223cfa89c-759x1024.jpg 759w, https:\/\/royalswiss.myskydoowebsite.com\/wp-content\/uploads\/2019\/10\/b223cfa89c-555x749.jpg 555w, https:\/\/royalswiss.myskydoowebsite.com\/wp-content\/uploads\/2019\/10\/b223cfa89c.jpg 790w\" sizes=\"(max-width: 222px) 100vw, 222px\" \/><\/p>\n<p><img decoding=\"async\" class=\"alignnone size-medium wp-image-8764\" src=\"https:\/\/royalswiss.myskydoowebsite.com\/wp-content\/uploads\/2019\/10\/b224f0c4fc-171x300.jpg\" alt=\"\" width=\"171\" height=\"300\" srcset=\"https:\/\/royalswiss.myskydoowebsite.com\/wp-content\/uploads\/2019\/10\/b224f0c4fc-171x300.jpg 171w, https:\/\/royalswiss.myskydoowebsite.com\/wp-content\/uploads\/2019\/10\/b224f0c4fc-768x1346.jpg 768w, https:\/\/royalswiss.myskydoowebsite.com\/wp-content\/uploads\/2019\/10\/b224f0c4fc-584x1024.jpg 584w, https:\/\/royalswiss.myskydoowebsite.com\/wp-content\/uploads\/2019\/10\/b224f0c4fc-555x973.jpg 555w, https:\/\/royalswiss.myskydoowebsite.com\/wp-content\/uploads\/2019\/10\/b224f0c4fc.jpg 790w\" sizes=\"(max-width: 171px) 100vw, 171px\" \/><\/p>\n<h6><strong>Garantie 2 ans\u00a0(les retours sont aux frais du client)<\/strong><\/h6>\n<h6><strong>Vous pouvez nous retourner votre achat en ligne si :<\/strong><\/h6>\n<ul>\n<li>\n<h6><strong>Votre produit a \u00e9t\u00e9 livr\u00e9 il y a moins de 7 jours.<\/strong><\/h6>\n<\/li>\n<li>\n<h6><strong>Vous \u00eates toujours en possession de l\u2019emballage d\u2019origine et de son contenu original au complet.<\/strong><\/h6>\n<\/li>\n<li>\n<h6><strong>Vous n\u2019avez pas utilis\u00e9 l\u2019objet et celui-ci est toujours dans son emballage<\/strong><\/h6>\n<\/li>\n<li>\n<h6><strong>Vous avez re\u00e7u un produit incorrect ou inappropri\u00e9 et que l\u2019emballage n\u2019est pas ouvert.<\/strong><\/h6>\n<h6><\/h6>\n<\/li>\n<\/ul>\n<h6><strong>(Les frais de\u00a0retour\u00a0sont \u00e0 la charge du client, sauf en cas d\u2019erreur de notre part et le remboursement se fera seulement apr\u00e8s la r\u00e9ception de nos\u00a0articles)<\/strong><\/h6>\n","protected":false},"excerpt":{"rendered":"<p>&nbsp;<\/p>\n<p><strong>Caract\u00e9ristiques\u00a0:<\/strong><\/p>\n<ul>\n<li><strong>Bluetooth<\/strong><\/li>\n<li><strong>Aux (L,R) in Jack<\/strong><\/li>\n<li><strong>T\u00e9l\u00e9commande de contr\u00f4le<\/strong><\/li>\n<li><strong>Prise jack 3.5 mm<\/strong><\/li>\n<li><strong>Entr\u00e9e optique<\/strong><\/li>\n<li><strong>Entr\u00e9e HDMI<\/strong><\/li>\n<li><strong>Lecteur USB <\/strong><\/li>\n<li><strong>Alimentation DC 140 Volts<\/strong><\/li>\n<li><strong>Puissance TOTAL\u00a0: 60 Watts<\/strong><\/li>\n<\/ul>\n","protected":false},"featured_media":6344,"comment_status":"open","ping_status":"closed","template":"","meta":[],"product_brand":[],"product_cat":[25],"product_tag":[135],"class_list":{"0":"post-6342","1":"product","2":"type-product","3":"status-publish","4":"has-post-thumbnail","6":"product_cat-hifi","7":"product_tag-135","9":"first","10":"instock","11":"sale","12":"taxable","13":"shipping-taxable","14":"purchasable","15":"product-type-simple"},"_links":{"self":[{"href":"https:\/\/royalswiss.myskydoowebsite.com\/index.php?rest_route=\/wp\/v2\/product\/6342","targetHints":{"allow":["GET"]}}],"collection":[{"href":"https:\/\/royalswiss.myskydoowebsite.com\/index.php?rest_route=\/wp\/v2\/product"}],"about":[{"href":"https:\/\/royalswiss.myskydoowebsite.com\/index.php?rest_route=\/wp\/v2\/types\/product"}],"replies":[{"embeddable":true,"href":"https:\/\/royalswiss.myskydoowebsite.com\/index.php?rest_route=%2Fwp%2Fv2%2Fcomments&post=6342"}],"version-history":[{"count":3,"href":"https:\/\/royalswiss.myskydoowebsite.com\/index.php?rest_route=\/wp\/v2\/product\/6342\/revisions"}],"predecessor-version":[{"id":8765,"href":"https:\/\/royalswiss.myskydoowebsite.com\/index.php?rest_route=\/wp\/v2\/product\/6342\/revisions\/8765"}],"wp:featuredmedia":[{"embeddable":true,"href":"https:\/\/royalswiss.myskydoowebsite.com\/index.php?rest_route=\/wp\/v2\/media\/6344"}],"wp:attachment":[{"href":"https:\/\/royalswiss.myskydoowebsite.com\/index.php?rest_route=%2Fwp%2Fv2%2Fmedia&parent=6342"}],"wp:term":[{"taxonomy":"product_brand","embeddable":true,"href":"https:\/\/royalswiss.myskydoowebsite.com\/index.php?rest_route=%2Fwp%2Fv2%2Fproduct_brand&post=6342"},{"taxonomy":"product_cat","embeddable":true,"href":"https:\/\/royalswiss.myskydoowebsite.com\/index.php?rest_route=%2Fwp%2Fv2%2Fproduct_cat&post=6342"},{"taxonomy":"product_tag","embeddable":true,"href":"https:\/\/royalswiss.myskydoowebsite.com\/index.php?rest_route=%2Fwp%2Fv2%2Fproduct_tag&post=6342"}],"curies":[{"name":"wp","href":"https:\/\/api.w.org\/{rel}","templated":true}]}}