{"id":6231,"date":"2019-10-03T18:08:53","date_gmt":"2019-10-03T16:08:53","guid":{"rendered":"https:\/\/royalswiss.myskydoowebsite.com\/?post_type=product&#038;p=6231"},"modified":"2023-05-08T14:29:10","modified_gmt":"2023-05-08T12:29:10","slug":"four-a-air-chaud-rotissoire-friteuse-deshydrateur","status":"publish","type":"product","link":"https:\/\/royalswiss.myskydoowebsite.com\/?product=four-a-air-chaud-rotissoire-friteuse-deshydrateur","title":{"rendered":"four \u00e0 air chaud ( R\u00f4tissoire, Friteuse, d\u00e9shydrateur )"},"content":{"rendered":"<p>Le nouveau four Royal Swiss est une cuisini\u00e8re multifonction 3-en-1 qui vous offre tous les avantages croquants, juteux, d\u00e9licieux et plus sains qu\u2019une friture \u00e0 huile. Il s\u2019agit d\u2019un four \u00e0 r\u00f4tir, d\u2019une friteuse \u00e0 air et d\u2019un d\u00e9shydrateur, tout en un . ce four dispose de 8 boutons pr\u00e9r\u00e9gl\u00e9s pour tout type d\u2019aliments, poulet croustillants, un r\u00f4ti de b\u0153uf \u00e0 la r\u00f4tisserie ou des brochettes authentiques.Vous pouvez m\u00eame utiliser le d\u00e9shydrateur pour pr\u00e9parer des l\u00e9gumes d\u00e9shydrat\u00e9s, des herbes s\u00e8ches, des fruits, etc., sans sucres ajout\u00e9s. La grille de circulation de l\u2019air en acier inoxydable et la technologie de la circulation d\u2019air \u00e0 1 800 watts vous permettent de cuisiner sainement pour un go\u00fbt et une texture croustillants, avec moins de mati\u00e8res grasses et de calories<\/p>\n<h6>La bo\u00eete contient : Four, 3 clayettes de circulation d\u2019air en acier inoxydable \/ Bac de r\u00e9cup\u00e9ration \/ des outils d\u2019utilisation de la r\u00f4tissoire \/ outils de pr\u00e9paration pour brochettes 10 x\u00a0 <em>( \/! livre de recette non compris )\u00a0<\/em><\/h6>\n<p>&nbsp;<\/p>\n<h6><strong>Garantie 2 ans\u00a0(les retours sont aux frais du client)<\/strong><\/h6>\n<h6><strong>Vous pouvez nous retourner votre achat en ligne si :<\/strong><\/h6>\n<ul>\n<li>\n<h6><strong>Votre produit a \u00e9t\u00e9 livr\u00e9 il y a moins de 7 jours.<\/strong><\/h6>\n<\/li>\n<li>\n<h6><strong>Vous \u00eates toujours en possession de l&#8217;emballage d&rsquo;origine et de son contenu original au complet.<\/strong><\/h6>\n<\/li>\n<li>\n<h6><strong>Vous n&rsquo;avez pas utilis\u00e9 l&rsquo;objet et celui-ci est toujours dans son emballage<\/strong><\/h6>\n<\/li>\n<li>\n<h6><strong>Vous avez re\u00e7u un produit incorrect ou inappropri\u00e9 et que l&#8217;emballage n&rsquo;est pas ouvert.<\/strong><\/h6>\n<h6><\/h6>\n<\/li>\n<\/ul>\n<h6><strong>(Les frais de\u00a0retour\u00a0sont \u00e0 la charge du client, sauf en cas d&rsquo;erreur de notre part et le remboursement se fera seulement apr\u00e8s la r\u00e9ception de nos\u00a0articles)<\/strong><\/h6>\n<p>&nbsp;<\/p>\n","protected":false},"excerpt":{"rendered":"<div class=\"wp-video\" style=\"width: 640px\"><video id=\"video-0-2\" class=\"wp-video-shortcode\" preload=\"metadata\" controls=\"controls\" width=\"640\" height=\"360\"><a href=\"https:\/\/royalswiss.myskydoowebsite.com\/wp-content\/uploads\/2019\/10\/WhatsApp-Video-2019-08-29-at-16.39.52.mp4\">https:\/\/royalswiss.myskydoowebsite.com\/wp-content\/uploads\/2019\/10\/WhatsApp-Video-2019-08-29-at-16.39.52.mp4<\/a><\/video><\/div>\n","protected":false},"featured_media":6236,"comment_status":"open","ping_status":"closed","template":"","meta":[],"product_brand":[],"product_cat":[56,1556,1568,33,15],"product_tag":[580],"class_list":{"0":"post-6231","1":"product","2":"type-product","3":"status-publish","4":"has-post-thumbnail","6":"product_cat-electromenager","7":"product_cat-four","8":"product_cat-four-a-rotir","9":"product_cat-petit-electromenager","10":"product_cat-uncategorized","11":"product_tag-580","13":"first","14":"instock","15":"sale","16":"taxable","17":"shipping-taxable","18":"purchasable","19":"product-type-simple"},"_links":{"self":[{"href":"https:\/\/royalswiss.myskydoowebsite.com\/index.php?rest_route=\/wp\/v2\/product\/6231","targetHints":{"allow":["GET"]}}],"collection":[{"href":"https:\/\/royalswiss.myskydoowebsite.com\/index.php?rest_route=\/wp\/v2\/product"}],"about":[{"href":"https:\/\/royalswiss.myskydoowebsite.com\/index.php?rest_route=\/wp\/v2\/types\/product"}],"replies":[{"embeddable":true,"href":"https:\/\/royalswiss.myskydoowebsite.com\/index.php?rest_route=%2Fwp%2Fv2%2Fcomments&post=6231"}],"version-history":[{"count":5,"href":"https:\/\/royalswiss.myskydoowebsite.com\/index.php?rest_route=\/wp\/v2\/product\/6231\/revisions"}],"predecessor-version":[{"id":14428,"href":"https:\/\/royalswiss.myskydoowebsite.com\/index.php?rest_route=\/wp\/v2\/product\/6231\/revisions\/14428"}],"wp:featuredmedia":[{"embeddable":true,"href":"https:\/\/royalswiss.myskydoowebsite.com\/index.php?rest_route=\/wp\/v2\/media\/6236"}],"wp:attachment":[{"href":"https:\/\/royalswiss.myskydoowebsite.com\/index.php?rest_route=%2Fwp%2Fv2%2Fmedia&parent=6231"}],"wp:term":[{"taxonomy":"product_brand","embeddable":true,"href":"https:\/\/royalswiss.myskydoowebsite.com\/index.php?rest_route=%2Fwp%2Fv2%2Fproduct_brand&post=6231"},{"taxonomy":"product_cat","embeddable":true,"href":"https:\/\/royalswiss.myskydoowebsite.com\/index.php?rest_route=%2Fwp%2Fv2%2Fproduct_cat&post=6231"},{"taxonomy":"product_tag","embeddable":true,"href":"https:\/\/royalswiss.myskydoowebsite.com\/index.php?rest_route=%2Fwp%2Fv2%2Fproduct_tag&post=6231"}],"curies":[{"name":"wp","href":"https:\/\/api.w.org\/{rel}","templated":true}]}}