{"id":6181,"date":"2019-10-03T13:59:05","date_gmt":"2019-10-03T11:59:05","guid":{"rendered":"https:\/\/royalswiss.myskydoowebsite.com\/?post_type=product&#038;p=6181"},"modified":"2022-09-15T18:01:48","modified_gmt":"2022-09-15T16:01:48","slug":"friteuse-double","status":"publish","type":"product","link":"https:\/\/royalswiss.myskydoowebsite.com\/?product=friteuse-double","title":{"rendered":"Friteuse double"},"content":{"rendered":"<p>Grande friteuse avec une contenance de 2 x 3 l qui offre beaucoup d\u2019espace, Vous pouvez facilement faire frire plusieurs produits en m\u00eame temps gr\u00e2ce aux deux cuves s\u00e9par\u00e9.<\/p>\n<p>&nbsp;<\/p>\n<h5><strong>Garantie 2 ans\u00a0(les retours sont aux frais du client)<\/strong><\/h5>\n<h5><strong>Vous pouvez nous retourner votre achat en ligne si :<\/strong><\/h5>\n<ul>\n<li>\n<h5><strong>Votre produit a \u00e9t\u00e9 livr\u00e9 il y a moins de 7 jours.<\/strong><\/h5>\n<\/li>\n<li>\n<h5><strong>Vous \u00eates toujours en possession de l&#8217;emballage d&rsquo;origine et de son contenu original au complet.<\/strong><\/h5>\n<\/li>\n<li>\n<h5><strong>Vous n&rsquo;avez pas utilis\u00e9 l&rsquo;objet et celui-ci est toujours dans son emballage<\/strong><\/h5>\n<\/li>\n<li>\n<h5><strong>Vous avez re\u00e7u un produit incorrect ou inappropri\u00e9 et que l&#8217;emballage n&rsquo;est pas ouvert.<\/strong><\/h5>\n<p>&nbsp;<\/li>\n<\/ul>\n<h5><strong>(Les frais de\u00a0retour\u00a0sont \u00e0 la charge du client, sauf en cas d&rsquo;erreur de notre part et le remboursement se fera seulement apr\u00e8s la r\u00e9ception de nos\u00a0articles)<\/strong><\/h5>\n","protected":false},"excerpt":{"rendered":"<p>&nbsp;<\/p>\n<p>Sp\u00e9cifications\u00a0:<\/p>\n<ul>\n<li>Puissance\u00a0: 4000 Watts<\/li>\n<li>Capacit\u00e9\u00a0 : 6 Litre ( 2 x 3 L )\u00a0 jusqu\u2019\u00e0 1,6 kg de frites<\/li>\n<li>Mati\u00e8re \u00a0\u00a0\u00a0: acier inoxydable (inox)<\/li>\n<li>Enti\u00e8rement d\u00e9montable pour un entretien facile<\/li>\n<li>2 thermostats ind\u00e9pendants et r\u00e9glables jusqu\u2019\u00e0 190\u00b0C<\/li>\n<li>Cuve \u00e0 rev\u00eatement \u00e9maill\u00e9<\/li>\n<li>T\u00e9moins lumineux de marche et de chauffe<\/li>\n<li>4 pieds antid\u00e9rapants<\/li>\n<li>Poign\u00e9e de toucher froid et protection contre surchauffe<\/li>\n<\/ul>\n","protected":false},"featured_media":6182,"comment_status":"open","ping_status":"closed","template":"","meta":[],"product_brand":[],"product_cat":[56,1557,33,15],"product_tag":[113],"class_list":{"0":"post-6181","1":"product","2":"type-product","3":"status-publish","4":"has-post-thumbnail","6":"product_cat-electromenager","7":"product_cat-friteuse","8":"product_cat-petit-electromenager","9":"product_cat-uncategorized","10":"product_tag-113","12":"first","13":"outofstock","14":"sale","15":"taxable","16":"shipping-taxable","17":"purchasable","18":"product-type-simple"},"_links":{"self":[{"href":"https:\/\/royalswiss.myskydoowebsite.com\/index.php?rest_route=\/wp\/v2\/product\/6181","targetHints":{"allow":["GET"]}}],"collection":[{"href":"https:\/\/royalswiss.myskydoowebsite.com\/index.php?rest_route=\/wp\/v2\/product"}],"about":[{"href":"https:\/\/royalswiss.myskydoowebsite.com\/index.php?rest_route=\/wp\/v2\/types\/product"}],"replies":[{"embeddable":true,"href":"https:\/\/royalswiss.myskydoowebsite.com\/index.php?rest_route=%2Fwp%2Fv2%2Fcomments&post=6181"}],"version-history":[{"count":2,"href":"https:\/\/royalswiss.myskydoowebsite.com\/index.php?rest_route=\/wp\/v2\/product\/6181\/revisions"}],"predecessor-version":[{"id":14430,"href":"https:\/\/royalswiss.myskydoowebsite.com\/index.php?rest_route=\/wp\/v2\/product\/6181\/revisions\/14430"}],"wp:featuredmedia":[{"embeddable":true,"href":"https:\/\/royalswiss.myskydoowebsite.com\/index.php?rest_route=\/wp\/v2\/media\/6182"}],"wp:attachment":[{"href":"https:\/\/royalswiss.myskydoowebsite.com\/index.php?rest_route=%2Fwp%2Fv2%2Fmedia&parent=6181"}],"wp:term":[{"taxonomy":"product_brand","embeddable":true,"href":"https:\/\/royalswiss.myskydoowebsite.com\/index.php?rest_route=%2Fwp%2Fv2%2Fproduct_brand&post=6181"},{"taxonomy":"product_cat","embeddable":true,"href":"https:\/\/royalswiss.myskydoowebsite.com\/index.php?rest_route=%2Fwp%2Fv2%2Fproduct_cat&post=6181"},{"taxonomy":"product_tag","embeddable":true,"href":"https:\/\/royalswiss.myskydoowebsite.com\/index.php?rest_route=%2Fwp%2Fv2%2Fproduct_tag&post=6181"}],"curies":[{"name":"wp","href":"https:\/\/api.w.org\/{rel}","templated":true}]}}