{"id":6161,"date":"2019-10-03T12:51:07","date_gmt":"2019-10-03T10:51:07","guid":{"rendered":"https:\/\/royalswiss.myskydoowebsite.com\/?post_type=product&#038;p=6161"},"modified":"2022-09-15T18:01:49","modified_gmt":"2022-09-15T16:01:49","slug":"autocuiseur","status":"publish","type":"product","link":"https:\/\/royalswiss.myskydoowebsite.com\/?product=autocuiseur","title":{"rendered":"Autocuiseur"},"content":{"rendered":"<p>La marque Royal Swiss tient essentiellement \u00e0 la satisfaction de sa client\u00e8le en leur proposant des produits de qualit\u00e9 \u00e0 petit prix et tr\u00e8s performants. Avec son premier autocuiseur programmable, toute la famille est invit\u00e9e \u00e0 d\u00e9guster de savoureux plats sal\u00e9s et sucr\u00e9s.<\/p>\n<p>Cet appareil de cuisson automatique ne s\u00e9duit pas seulement par son \u00e9l\u00e9gant design et ses finitions , mais \u00e9galement car il fait plaisir aux amoureux de la cuisine gr\u00e2ce \u00e0 ses diff\u00e9rentes fonctions de cuisson.<\/p>\n<p>&nbsp;<\/p>\n<h6><strong>Garantie 2 ans\u00a0(les retours sont aux frais du client)<\/strong><\/h6>\n<h6><strong>Vous pouvez nous retourner votre achat en ligne si :<\/strong><\/h6>\n<ul>\n<li>\n<h6><strong>Votre produit a \u00e9t\u00e9 livr\u00e9 il y a moins de 7 jours.<\/strong><\/h6>\n<\/li>\n<li>\n<h6><strong>Vous \u00eates toujours en possession de l&#8217;emballage d&rsquo;origine et de son contenu original au complet.<\/strong><\/h6>\n<\/li>\n<li>\n<h6><strong>Vous n&rsquo;avez pas utilis\u00e9 l&rsquo;objet et celui-ci est toujours dans son emballage<\/strong><\/h6>\n<\/li>\n<li>\n<h6><strong>Vous avez re\u00e7u un produit incorrect ou inappropri\u00e9 et que l&#8217;emballage n&rsquo;est pas ouvert.<\/strong><\/h6>\n<h6><\/h6>\n<\/li>\n<\/ul>\n<h6><strong>(Les frais de\u00a0retour\u00a0sont \u00e0 la charge du client, sauf en cas d&rsquo;erreur de notre part et le remboursement se fera seulement apr\u00e8s la r\u00e9ception de nos\u00a0articles)<\/strong><\/h6>\n<p>&nbsp;<\/p>\n","protected":false},"excerpt":{"rendered":"<p>&nbsp;<\/p>\n<ul>\n<li>Puissance : 1000 watts<\/li>\n<li>Capacit\u00e9 : 6 Litres<\/li>\n<li>Une casserole facile \u00e0 laver<\/li>\n<li>Affichage num\u00e9rique<\/li>\n<li>Fonction de chauffage<\/li>\n<li>Valve de d\u00e9compression s\u00e9curis\u00e9<\/li>\n<li>Mati\u00e8re : Inox<\/li>\n<li>Cuisine : Soupe, Poulet, Poisson, riz, viande, haricot \u2026 etc ..<\/li>\n<\/ul>\n","protected":false},"featured_media":7232,"comment_status":"open","ping_status":"closed","template":"","meta":[],"product_brand":[],"product_cat":[1563,1560,56,33,15],"product_tag":[156],"class_list":{"0":"post-6161","1":"product","2":"type-product","3":"status-publish","4":"has-post-thumbnail","6":"product_cat-cocotte-electrique","7":"product_cat-cuiseur-vapeur","8":"product_cat-electromenager","9":"product_cat-petit-electromenager","10":"product_cat-uncategorized","11":"product_tag-156","13":"first","14":"instock","15":"sale","16":"taxable","17":"shipping-taxable","18":"purchasable","19":"product-type-simple"},"_links":{"self":[{"href":"https:\/\/royalswiss.myskydoowebsite.com\/index.php?rest_route=\/wp\/v2\/product\/6161","targetHints":{"allow":["GET"]}}],"collection":[{"href":"https:\/\/royalswiss.myskydoowebsite.com\/index.php?rest_route=\/wp\/v2\/product"}],"about":[{"href":"https:\/\/royalswiss.myskydoowebsite.com\/index.php?rest_route=\/wp\/v2\/types\/product"}],"replies":[{"embeddable":true,"href":"https:\/\/royalswiss.myskydoowebsite.com\/index.php?rest_route=%2Fwp%2Fv2%2Fcomments&post=6161"}],"version-history":[{"count":7,"href":"https:\/\/royalswiss.myskydoowebsite.com\/index.php?rest_route=\/wp\/v2\/product\/6161\/revisions"}],"predecessor-version":[{"id":14432,"href":"https:\/\/royalswiss.myskydoowebsite.com\/index.php?rest_route=\/wp\/v2\/product\/6161\/revisions\/14432"}],"wp:featuredmedia":[{"embeddable":true,"href":"https:\/\/royalswiss.myskydoowebsite.com\/index.php?rest_route=\/wp\/v2\/media\/7232"}],"wp:attachment":[{"href":"https:\/\/royalswiss.myskydoowebsite.com\/index.php?rest_route=%2Fwp%2Fv2%2Fmedia&parent=6161"}],"wp:term":[{"taxonomy":"product_brand","embeddable":true,"href":"https:\/\/royalswiss.myskydoowebsite.com\/index.php?rest_route=%2Fwp%2Fv2%2Fproduct_brand&post=6161"},{"taxonomy":"product_cat","embeddable":true,"href":"https:\/\/royalswiss.myskydoowebsite.com\/index.php?rest_route=%2Fwp%2Fv2%2Fproduct_cat&post=6161"},{"taxonomy":"product_tag","embeddable":true,"href":"https:\/\/royalswiss.myskydoowebsite.com\/index.php?rest_route=%2Fwp%2Fv2%2Fproduct_tag&post=6161"}],"curies":[{"name":"wp","href":"https:\/\/api.w.org\/{rel}","templated":true}]}}