{"id":5970,"date":"2019-09-30T18:07:38","date_gmt":"2019-09-30T16:07:38","guid":{"rendered":"https:\/\/royalswiss.myskydoowebsite.com\/?post_type=product&#038;p=5970"},"modified":"2022-08-05T18:50:55","modified_gmt":"2022-08-05T16:50:55","slug":"centrifugeuse-extracteur-de-jus-de-fruit-1000-watt","status":"publish","type":"product","link":"https:\/\/royalswiss.myskydoowebsite.com\/?product=centrifugeuse-extracteur-de-jus-de-fruit-1000-watt","title":{"rendered":"Centrifugeuse\/Extracteur de jus de fruit 1000 watt"},"content":{"rendered":"<p>Extracteur (centrifugeuse) de jus de fruits et l\u00e9gumes, qualit\u00e9 nutritive !<br \/>\nMettre le fruit entier, il n\u2019est pas n\u00e9cessaire de le couper<br \/>\nSimple et \u00e9l\u00e9gante<br \/>\nprotection Anti surchauffe<br \/>\nPresse-agrumes automatique professionnel dans un bo\u00eetier en acier inoxydable de haute qualit\u00e9<br \/>\nJus de fruits et de l\u00e9gumes pr\u00e9par\u00e9s rapidement et fra\u00eechement<br \/>\nRiche en min\u00e9raux, essentiels pour le bien-\u00eatre, la forme physique et la sant\u00e9.<br \/>\n30% plus de jus et de vitamines<br \/>\nvolume remplissage extra large (75 mm \u00d8)<br \/>\nExtrait le jus de pommes, carottes et autres fruits en quelques secondes sans avoir \u00e0 les hacher<br \/>\nMoteur puissant de 1000 watts max.<br \/>\nR\u00e9cipient \u00e0 grand volume (capacit\u00e9 d&rsquo;environ 2,0 litres)<br \/>\nverseur Anti-gouttes flexible &#8211; sans \u00e9claboussures ni essuyage<br \/>\n2 r\u00e9glages de vitesse (0-1-2)<br \/>\nSerrure avec interrupteur de s\u00e9curit\u00e9<br \/>\nTamis en acier inoxydable pour un meilleurs jus<br \/>\nPeut \u00eatre compl\u00e8tement d\u00e9mont\u00e9\u00a0 pour un nettoyage rapide et facile<br \/>\nHaute stabilit\u00e9<br \/>\nAlimentation: 230 V, 50 Hz<br \/>\nPuissance absorb\u00e9e: 1000 W max<\/p>\n<p>&nbsp;<\/p>\n<h6><strong>Garantie 2 ans ( les retours sont aux frais du client )<\/strong><\/h6>\n<h6><strong><em>Vous pouvez nous retourner votre achat en ligne si :<\/em><\/strong><\/h6>\n<ul>\n<li>\n<h6><strong>Votre produit a \u00e9t\u00e9 livr\u00e9 il y a moins de 7 jours.<\/strong><\/h6>\n<\/li>\n<li>\n<h6><strong>Vous \u00eates toujours en possession de l&#8217;emballage d&rsquo;origine et de son contenu original au complet.<\/strong><\/h6>\n<\/li>\n<li>\n<h6><strong>Vous n&rsquo;avez pas utilis\u00e9 l&rsquo;objet et celui ci est toujours dans son emballage\u00a0<\/strong><\/h6>\n<\/li>\n<li>\n<h6><strong>Vous avez re\u00e7u un produit incorrect ou inappropri\u00e9 et que l&#8217;emballage n&rsquo;est pas ouvert.<\/strong><\/h6>\n<\/li>\n<li>\n<h6><strong>(\u00a0\u00a0Les frais de\u00a0retour\u00a0sont \u00e0 la charge du client, sauf en cas d&rsquo;erreur de notre part et le remboursement se fera seulement apr\u00e8s la r\u00e9ception de nos\u00a0articles\u00a0)\u00a0<\/strong><\/h6>\n<\/li>\n<\/ul>\n","protected":false},"excerpt":{"rendered":"<p>Extracteur (centrifugeuse) de jus de fruits et l\u00e9gumes, qualit\u00e9 nutritive ! Mettre le fruit entier, il n\u2019est pas n\u00e9cessaire de le couper Simple et \u00e9l\u00e9gante protection Anti surchauffe Presse-agrumes automatique professionnel dans un bo\u00eetier en acier inoxydable de haute qualit\u00e9 Jus de fruits et de l\u00e9gumes pr\u00e9par\u00e9s rapidement et fra\u00eechement Riche en min\u00e9raux, essentiels pour [&hellip;]<\/p>\n","protected":false},"featured_media":5974,"comment_status":"open","ping_status":"closed","template":"","meta":[],"product_brand":[],"product_cat":[56],"product_tag":[],"class_list":{"0":"post-5970","1":"product","2":"type-product","3":"status-publish","4":"has-post-thumbnail","6":"product_cat-electromenager","8":"first","9":"instock","10":"sale","11":"taxable","12":"shipping-taxable","13":"purchasable","14":"product-type-simple"},"_links":{"self":[{"href":"https:\/\/royalswiss.myskydoowebsite.com\/index.php?rest_route=\/wp\/v2\/product\/5970","targetHints":{"allow":["GET"]}}],"collection":[{"href":"https:\/\/royalswiss.myskydoowebsite.com\/index.php?rest_route=\/wp\/v2\/product"}],"about":[{"href":"https:\/\/royalswiss.myskydoowebsite.com\/index.php?rest_route=\/wp\/v2\/types\/product"}],"replies":[{"embeddable":true,"href":"https:\/\/royalswiss.myskydoowebsite.com\/index.php?rest_route=%2Fwp%2Fv2%2Fcomments&post=5970"}],"version-history":[{"count":9,"href":"https:\/\/royalswiss.myskydoowebsite.com\/index.php?rest_route=\/wp\/v2\/product\/5970\/revisions"}],"predecessor-version":[{"id":14437,"href":"https:\/\/royalswiss.myskydoowebsite.com\/index.php?rest_route=\/wp\/v2\/product\/5970\/revisions\/14437"}],"wp:featuredmedia":[{"embeddable":true,"href":"https:\/\/royalswiss.myskydoowebsite.com\/index.php?rest_route=\/wp\/v2\/media\/5974"}],"wp:attachment":[{"href":"https:\/\/royalswiss.myskydoowebsite.com\/index.php?rest_route=%2Fwp%2Fv2%2Fmedia&parent=5970"}],"wp:term":[{"taxonomy":"product_brand","embeddable":true,"href":"https:\/\/royalswiss.myskydoowebsite.com\/index.php?rest_route=%2Fwp%2Fv2%2Fproduct_brand&post=5970"},{"taxonomy":"product_cat","embeddable":true,"href":"https:\/\/royalswiss.myskydoowebsite.com\/index.php?rest_route=%2Fwp%2Fv2%2Fproduct_cat&post=5970"},{"taxonomy":"product_tag","embeddable":true,"href":"https:\/\/royalswiss.myskydoowebsite.com\/index.php?rest_route=%2Fwp%2Fv2%2Fproduct_tag&post=5970"}],"curies":[{"name":"wp","href":"https:\/\/api.w.org\/{rel}","templated":true}]}}