{"id":5949,"date":"2019-09-30T14:38:30","date_gmt":"2019-09-30T12:38:30","guid":{"rendered":"https:\/\/royalswiss.myskydoowebsite.com\/?post_type=product&#038;p=5949"},"modified":"2024-01-11T22:01:28","modified_gmt":"2024-01-11T21:01:28","slug":"mixer-blender-en-plastique-2-couleurs","status":"publish","type":"product","link":"https:\/\/royalswiss.myskydoowebsite.com\/?product=mixer-blender-en-plastique-2-couleurs","title":{"rendered":"Mixer, Blender en plastique"},"content":{"rendered":"<p>Avec notre Blender 2 in 1 , 350 watt, il est tr\u00e8s facile de r\u00e9aliser des milk-shakes, des boissons aux fruits et des cocktails ! Le bol en plastique d\u2019une capacit\u00e9 de 1,5 litre est id\u00e9al pour r\u00e9aliser les soupes et velout\u00e9s onctueux, les p\u00e2tes \u00e0 cr\u00eapes sans grumeaux, les pr\u00e9parations fines pour b\u00e9b\u00e9, les compotes, les milk-shakes mousseux, les cocktails fruit\u00e9s. Gr\u00e2ce \u00e0 ses 4 vitesses et sa fonction pulse, vous adaptez la vitesse selon le type de pr\u00e9paration \u00e0 r\u00e9aliser. La lame en acier inoxydable est facilement d\u00e9tachable \u2013<\/p>\n<ul>\n<li>Capacit\u00e9&nbsp; &nbsp;&nbsp;&nbsp;: 1,5 L<\/li>\n<li>4 vitesses &nbsp;&nbsp;&nbsp;: 0-1-2-3-4<\/li>\n<li>Multifonction&nbsp;: m\u00e9lange, broyage et hachage<\/li>\n<li>Pieds en caoutchouc antid\u00e9rapants emp\u00eachant l\u2019appareil de glisser en cours de fonctionnement<\/li>\n<\/ul>\n<p>&nbsp;<\/p>\n<h6><strong>Garantie 2 ans,&nbsp; &nbsp;( les retours sont aux frais du client )<\/strong><\/h6>\n<h6><strong><em>Vous pouvez nous retourner votre achat en ligne si :<\/em><\/strong><\/h6>\n<ul>\n<li>\n<h6><strong>Votre produit a \u00e9t\u00e9 livr\u00e9 il y a moins de 7 jours.<\/strong><\/h6>\n<\/li>\n<li>\n<h6><strong>Vous \u00eates toujours en possession de l&#8217;emballage d&rsquo;origine et de son contenu original au complet.<\/strong><\/h6>\n<\/li>\n<li>\n<h6><strong>Vous n&rsquo;avez pas utilis\u00e9 l&rsquo;objet et celui ci est toujours dans son emballage&nbsp;<\/strong><\/h6>\n<\/li>\n<li>\n<h6><strong>Vous avez re\u00e7u un produit incorrect ou inappropri\u00e9 et que l&#8217;emballage n&rsquo;est pas ouvert.<\/strong><\/h6>\n<\/li>\n<li>\n<h6><strong>(&nbsp;&nbsp;Les frais de&nbsp;retour&nbsp;sont \u00e0 la charge du client, sauf en cas d&rsquo;erreur de notre part et le remboursement se fera seulement apr\u00e8s la r\u00e9ception de nos&nbsp;articles&nbsp;)&nbsp;<\/strong><\/h6>\n<\/li>\n<\/ul>\n","protected":false},"excerpt":{"rendered":"<p>Avec notre Blender 2 in 1 , 350 watt, il est tr\u00e8s facile de r\u00e9aliser des milk-shakes, des boissons aux fruits et des cocktails ! Le bol en plastique d\u2019une capacit\u00e9 de 1,5 litre est id\u00e9al pour r\u00e9aliser les soupes et velout\u00e9s onctueux, les p\u00e2tes \u00e0 cr\u00eapes sans grumeaux, les pr\u00e9parations fines pour b\u00e9b\u00e9, les [&hellip;]<\/p>\n","protected":false},"featured_media":5962,"comment_status":"open","ping_status":"closed","template":"","meta":[],"product_brand":[],"product_cat":[56],"product_tag":[104,1545],"class_list":{"0":"post-5949","1":"product","2":"type-product","3":"status-publish","4":"has-post-thumbnail","6":"product_cat-electromenager","7":"product_tag-104","8":"product_tag-1545","10":"first","11":"instock","12":"sale","13":"taxable","14":"shipping-taxable","15":"purchasable","16":"product-type-variable"},"_links":{"self":[{"href":"https:\/\/royalswiss.myskydoowebsite.com\/index.php?rest_route=\/wp\/v2\/product\/5949","targetHints":{"allow":["GET"]}}],"collection":[{"href":"https:\/\/royalswiss.myskydoowebsite.com\/index.php?rest_route=\/wp\/v2\/product"}],"about":[{"href":"https:\/\/royalswiss.myskydoowebsite.com\/index.php?rest_route=\/wp\/v2\/types\/product"}],"replies":[{"embeddable":true,"href":"https:\/\/royalswiss.myskydoowebsite.com\/index.php?rest_route=%2Fwp%2Fv2%2Fcomments&post=5949"}],"version-history":[{"count":7,"href":"https:\/\/royalswiss.myskydoowebsite.com\/index.php?rest_route=\/wp\/v2\/product\/5949\/revisions"}],"predecessor-version":[{"id":17267,"href":"https:\/\/royalswiss.myskydoowebsite.com\/index.php?rest_route=\/wp\/v2\/product\/5949\/revisions\/17267"}],"wp:featuredmedia":[{"embeddable":true,"href":"https:\/\/royalswiss.myskydoowebsite.com\/index.php?rest_route=\/wp\/v2\/media\/5962"}],"wp:attachment":[{"href":"https:\/\/royalswiss.myskydoowebsite.com\/index.php?rest_route=%2Fwp%2Fv2%2Fmedia&parent=5949"}],"wp:term":[{"taxonomy":"product_brand","embeddable":true,"href":"https:\/\/royalswiss.myskydoowebsite.com\/index.php?rest_route=%2Fwp%2Fv2%2Fproduct_brand&post=5949"},{"taxonomy":"product_cat","embeddable":true,"href":"https:\/\/royalswiss.myskydoowebsite.com\/index.php?rest_route=%2Fwp%2Fv2%2Fproduct_cat&post=5949"},{"taxonomy":"product_tag","embeddable":true,"href":"https:\/\/royalswiss.myskydoowebsite.com\/index.php?rest_route=%2Fwp%2Fv2%2Fproduct_tag&post=5949"}],"curies":[{"name":"wp","href":"https:\/\/api.w.org\/{rel}","templated":true}]}}