{"id":5906,"date":"2019-09-30T11:49:16","date_gmt":"2019-09-30T09:49:16","guid":{"rendered":"https:\/\/royalswiss.myskydoowebsite.com\/?post_type=product&#038;p=5906"},"modified":"2022-07-27T19:26:36","modified_gmt":"2022-07-27T17:26:36","slug":"menagere-72-pieces","status":"publish","type":"product","link":"https:\/\/royalswiss.myskydoowebsite.com\/?product=menagere-72-pieces","title":{"rendered":"set de couverts 72 pi\u00e8ces"},"content":{"rendered":"<p>Quantit\u00e9 : 72 pi\u00e8ces acier inoxydable ( inox 18\/10 ) pour 12 personnes passe au lave-vaisselle.<\/p>\n<p>Composition : 12 couteau \u2013 Fourche 12 , 12 fourchettes \u00e0 dessert, 12 cuill\u00e8res; 12 cuill\u00e8res \u00e0 caf\u00e9, 1 louche, 1 louche \u00e0 sauce, 2 couverts \u00e0 salade, 2 Fourchette \u00e0 viande 1 cuill\u00e8re \u00e0 glace, 1 cuill\u00e8re \u00e0 sucre, 1 pince \u00e0 sucre, 1 pelle \u00e0 tarte, 2 cuill\u00e8re de service<\/p>\n","protected":false},"excerpt":{"rendered":"<p>Quantit\u00e9 : 72 pi\u00e8ces acier inoxydable ( inox 18\/10 ) pour 12 personnes passe au lave-vaisselle. Composition : 12 couteau \u2013 Fourche 12 , 12 fourchettes \u00e0 dessert, 12 cuill\u00e8res; 12 cuill\u00e8res \u00e0 caf\u00e9, 1 louche, 1 louche \u00e0 sauce, 2 couverts \u00e0 salade, 2 Fourchette \u00e0 viande 1 cuill\u00e8re \u00e0 glace, 1 cuill\u00e8re \u00e0 [&hellip;]<\/p>\n","protected":false},"featured_media":5907,"comment_status":"open","ping_status":"closed","template":"","meta":[],"product_brand":[],"product_cat":[21,39],"product_tag":[195],"class_list":{"0":"post-5906","1":"product","2":"type-product","3":"status-publish","4":"has-post-thumbnail","6":"product_cat-cuisine","7":"product_cat-ustensile","8":"product_tag-195","10":"first","11":"outofstock","12":"sale","13":"taxable","14":"shipping-taxable","15":"purchasable","16":"product-type-simple"},"_links":{"self":[{"href":"https:\/\/royalswiss.myskydoowebsite.com\/index.php?rest_route=\/wp\/v2\/product\/5906","targetHints":{"allow":["GET"]}}],"collection":[{"href":"https:\/\/royalswiss.myskydoowebsite.com\/index.php?rest_route=\/wp\/v2\/product"}],"about":[{"href":"https:\/\/royalswiss.myskydoowebsite.com\/index.php?rest_route=\/wp\/v2\/types\/product"}],"replies":[{"embeddable":true,"href":"https:\/\/royalswiss.myskydoowebsite.com\/index.php?rest_route=%2Fwp%2Fv2%2Fcomments&post=5906"}],"version-history":[{"count":2,"href":"https:\/\/royalswiss.myskydoowebsite.com\/index.php?rest_route=\/wp\/v2\/product\/5906\/revisions"}],"predecessor-version":[{"id":12372,"href":"https:\/\/royalswiss.myskydoowebsite.com\/index.php?rest_route=\/wp\/v2\/product\/5906\/revisions\/12372"}],"wp:featuredmedia":[{"embeddable":true,"href":"https:\/\/royalswiss.myskydoowebsite.com\/index.php?rest_route=\/wp\/v2\/media\/5907"}],"wp:attachment":[{"href":"https:\/\/royalswiss.myskydoowebsite.com\/index.php?rest_route=%2Fwp%2Fv2%2Fmedia&parent=5906"}],"wp:term":[{"taxonomy":"product_brand","embeddable":true,"href":"https:\/\/royalswiss.myskydoowebsite.com\/index.php?rest_route=%2Fwp%2Fv2%2Fproduct_brand&post=5906"},{"taxonomy":"product_cat","embeddable":true,"href":"https:\/\/royalswiss.myskydoowebsite.com\/index.php?rest_route=%2Fwp%2Fv2%2Fproduct_cat&post=5906"},{"taxonomy":"product_tag","embeddable":true,"href":"https:\/\/royalswiss.myskydoowebsite.com\/index.php?rest_route=%2Fwp%2Fv2%2Fproduct_tag&post=5906"}],"curies":[{"name":"wp","href":"https:\/\/api.w.org\/{rel}","templated":true}]}}