{"id":17094,"date":"2023-09-01T01:34:08","date_gmt":"2023-08-31T23:34:08","guid":{"rendered":"https:\/\/royalswiss.myskydoowebsite.com\/?post_type=product&#038;p=17094"},"modified":"2023-09-01T01:35:07","modified_gmt":"2023-08-31T23:35:07","slug":"set-de-12-verres-a-the-transparents-180-ml-royal-swiss","status":"publish","type":"product","link":"https:\/\/royalswiss.myskydoowebsite.com\/?product=set-de-12-verres-a-the-transparents-180-ml-royal-swiss","title":{"rendered":"Set de 12 verres \u00e0 th\u00e9 transparents 180 ml &#8211; Royal Swiss"},"content":{"rendered":"<div class=\"product-actions\">\n<div id=\"product-description-short-132\" class=\"product-description-short rte pt-3 mb-4 border-top\">\n<p>Ce lot de verres \u00e0 th\u00e9 marocain sera appr\u00e9ci\u00e9 pour une pause th\u00e9 entre amis ou en famille. Pratique et facile \u00e0 nettoyer, il deviendra votre alli\u00e9 pour les pauses th\u00e9 du quotidien. Il s&rsquo;accorde avec toutes les th\u00e9i\u00e8res, tous les plateaux et toutes les tables. Optez pour la simplicit\u00e9 et l&rsquo;efficacit\u00e9 de ce produit.<\/p>\n<\/div>\n<\/div>\n<div class=\"blockreassurance_product row mt-4 mx-n2\">\n<div class=\"reass-item col-sm-4 col-lg-12 px-2 mb-2\">\n<div class=\"item-descr\">\n<div id=\"description\" class=\"tab-pane fade in active\" role=\"tabpanel\" aria-labelledby=\"description-tab\">\n<div class=\"product-description tabpane-inner rte\">\n<p>Compatible lave vaisselle<\/p>\n<\/div>\n<\/div>\n<div class=\"row\">\n<div id=\"block-displayFooterProduct0\" class=\"products-block -widgetbox col-sm-6 -mt-sm -mb-lg\" data-total=\"12\" data-current-hook=\"displayFooterProduct\" data-selected-hook=\"displayFooterProduct\" aria-labelledby=\"block-displayFooterProduct0-title\"><\/div>\n<\/div>\n<\/div>\n<\/div>\n<\/div>\n","protected":false},"excerpt":{"rendered":"<p>Ce lot de verres \u00e0 th\u00e9 marocain sera appr\u00e9ci\u00e9 pour une pause th\u00e9 entre amis ou en famille. Pratique et facile \u00e0 nettoyer, il deviendra votre alli\u00e9 pour les pauses th\u00e9 du quotidien. Il s&rsquo;accorde avec toutes les th\u00e9i\u00e8res, tous les plateaux et toutes les tables. Optez pour la simplicit\u00e9 et l&rsquo;efficacit\u00e9 de ce produit. [&hellip;]<\/p>\n","protected":false},"featured_media":17097,"comment_status":"open","ping_status":"closed","template":"","meta":[],"product_brand":[],"product_cat":[21,1526,15],"product_tag":[1596],"class_list":{"0":"post-17094","1":"product","2":"type-product","3":"status-publish","4":"has-post-thumbnail","6":"product_cat-cuisine","7":"product_cat-theiere-thermos","8":"product_cat-uncategorized","9":"product_tag-1596","11":"first","12":"instock","13":"sale","14":"taxable","15":"shipping-taxable","16":"purchasable","17":"product-type-simple"},"_links":{"self":[{"href":"https:\/\/royalswiss.myskydoowebsite.com\/index.php?rest_route=\/wp\/v2\/product\/17094","targetHints":{"allow":["GET"]}}],"collection":[{"href":"https:\/\/royalswiss.myskydoowebsite.com\/index.php?rest_route=\/wp\/v2\/product"}],"about":[{"href":"https:\/\/royalswiss.myskydoowebsite.com\/index.php?rest_route=\/wp\/v2\/types\/product"}],"replies":[{"embeddable":true,"href":"https:\/\/royalswiss.myskydoowebsite.com\/index.php?rest_route=%2Fwp%2Fv2%2Fcomments&post=17094"}],"version-history":[{"count":1,"href":"https:\/\/royalswiss.myskydoowebsite.com\/index.php?rest_route=\/wp\/v2\/product\/17094\/revisions"}],"predecessor-version":[{"id":17100,"href":"https:\/\/royalswiss.myskydoowebsite.com\/index.php?rest_route=\/wp\/v2\/product\/17094\/revisions\/17100"}],"wp:featuredmedia":[{"embeddable":true,"href":"https:\/\/royalswiss.myskydoowebsite.com\/index.php?rest_route=\/wp\/v2\/media\/17097"}],"wp:attachment":[{"href":"https:\/\/royalswiss.myskydoowebsite.com\/index.php?rest_route=%2Fwp%2Fv2%2Fmedia&parent=17094"}],"wp:term":[{"taxonomy":"product_brand","embeddable":true,"href":"https:\/\/royalswiss.myskydoowebsite.com\/index.php?rest_route=%2Fwp%2Fv2%2Fproduct_brand&post=17094"},{"taxonomy":"product_cat","embeddable":true,"href":"https:\/\/royalswiss.myskydoowebsite.com\/index.php?rest_route=%2Fwp%2Fv2%2Fproduct_cat&post=17094"},{"taxonomy":"product_tag","embeddable":true,"href":"https:\/\/royalswiss.myskydoowebsite.com\/index.php?rest_route=%2Fwp%2Fv2%2Fproduct_tag&post=17094"}],"curies":[{"name":"wp","href":"https:\/\/api.w.org\/{rel}","templated":true}]}}