{"id":15020,"date":"2022-10-12T17:57:17","date_gmt":"2022-10-12T15:57:17","guid":{"rendered":"https:\/\/royalswiss.myskydoowebsite.com\/?post_type=product&#038;p=15020"},"modified":"2022-11-16T13:25:41","modified_gmt":"2022-11-16T12:25:41","slug":"mercedes-maybach-g650-s-voiture-electrique-pour-enfant-12-volts","status":"publish","type":"product","link":"https:\/\/royalswiss.myskydoowebsite.com\/?product=mercedes-maybach-g650-s-voiture-electrique-pour-enfant-12-volts","title":{"rendered":"Mercedes Maybach G650-S , voiture \u00e9lectrique pour enfant, 12 Volts"},"content":{"rendered":"<p><strong>Mercedes Maybach G650 S 12 Volts pour enfant : le SUV pour enfant<\/strong><\/p>\n<p>D&rsquo;abord, le regard de B\u00e9b\u00e9 Pilote se porte sur les \u00e9normes roues en gomme au grip hallucinant. Ces derni\u00e8res offrent un silence<br \/>\nd&rsquo;utilisation et une durabilit\u00e9 bien sup\u00e9rieurs aux roues en plastique. Puis sur la garde au sol qui, malgr\u00e9 l&rsquo;\u00e9chappement, peut<br \/>\nrivaliser avec les mod\u00e8les les plus hauts de notre gamme. S&rsquo;agit-il pour autant d&rsquo;un simple utilitaire ? C&rsquo;est \u00e0 B\u00e9b\u00e9 Pilote de voir s&rsquo;il<br \/>\nest pr\u00eat \u00e0 rayer la v\u00e9ritable peinture m\u00e9tallis\u00e9e de son bolide.<\/p>\n<p>Mais alors, \u00e0 qui s&rsquo;adresse ce Mercedes Maybach G650 S \u00e9lectrique pour enfant ? Aux b\u00e9b\u00e9s pilotes citadins ou ruraux ? H\u00e9 bien les<br \/>\ndeux, \u00e0 condition d&rsquo;aimer la musique ! Ce Maybach \u00e9lectrique pour enfant est, en effet, dot\u00e9 de s\u00e9rie d&rsquo;une interface audio ultra<br \/>\nstyl\u00e9e. Gr\u00e2ce \u00e0 son port USB, son emplacement SD et son entr\u00e9e auxiliaire, B\u00e9b\u00e9 Pilote peut jouer ses sons favoris.\u00a0 Il y a bien entendu des bruitages et le \u00ab\u00a0vroum vrooum\u00a0\u00bb caract\u00e9ristiques du d\u00e9marrage.<\/p>\n<p><strong>Mercedes Maybach G 650 S<\/strong><br \/>\n\u00c0 l&rsquo;int\u00e9rieur, ce Mercedes Maybach g 650 S exhibe une sellerie bi-ton en similicuir avec surpiq\u00fbres ultra qualitative et douce pour<br \/>\nles petites fesses de B\u00e9b\u00e9 Pilote. Et si jamais B\u00e9b\u00e9 a la f\u00e2cheuse manie de renverser ses compotes, une simple lingette suffira pour<br \/>\nnettoyer. C\u00f4t\u00e9 s\u00e9curit\u00e9, la ceinture se charge de maintenir le p&rsquo;tit pilote devant son volant dans les longues courbes rapides.<br \/>\nCe Mercedes Maybach G650 S est bien entendu \u00e9quip\u00e9 de phares LED fonctionnels \u00e0 l&rsquo;avant comme \u00e0 l&rsquo;arri\u00e8re. Papa et Maman sont<br \/>\nrassur\u00e9s, B\u00e9b\u00e9 Pilote est heureux de pouvoir prolonger les promenades jusque tard dans la journ\u00e9e.<\/p>\n<p><img fetchpriority=\"high\" decoding=\"async\" class=\"alignnone size-medium wp-image-15046\" src=\"https:\/\/royalswiss.myskydoowebsite.com\/wp-content\/uploads\/2022\/10\/WhatsApp-Image-2022-10-12-at-17.48.02-1-300x300.jpeg\" alt=\"\" width=\"300\" height=\"300\" srcset=\"https:\/\/royalswiss.myskydoowebsite.com\/wp-content\/uploads\/2022\/10\/WhatsApp-Image-2022-10-12-at-17.48.02-1-300x300.jpeg 300w, https:\/\/royalswiss.myskydoowebsite.com\/wp-content\/uploads\/2022\/10\/WhatsApp-Image-2022-10-12-at-17.48.02-1-150x150.jpeg 150w, https:\/\/royalswiss.myskydoowebsite.com\/wp-content\/uploads\/2022\/10\/WhatsApp-Image-2022-10-12-at-17.48.02-1-768x768.jpeg 768w, https:\/\/royalswiss.myskydoowebsite.com\/wp-content\/uploads\/2022\/10\/WhatsApp-Image-2022-10-12-at-17.48.02-1-500x500.jpeg 500w, https:\/\/royalswiss.myskydoowebsite.com\/wp-content\/uploads\/2022\/10\/WhatsApp-Image-2022-10-12-at-17.48.02-1-262x262.jpeg 262w, https:\/\/royalswiss.myskydoowebsite.com\/wp-content\/uploads\/2022\/10\/WhatsApp-Image-2022-10-12-at-17.48.02-1-555x555.jpeg 555w, https:\/\/royalswiss.myskydoowebsite.com\/wp-content\/uploads\/2022\/10\/WhatsApp-Image-2022-10-12-at-17.48.02-1-160x160.jpeg 160w, https:\/\/royalswiss.myskydoowebsite.com\/wp-content\/uploads\/2022\/10\/WhatsApp-Image-2022-10-12-at-17.48.02-1.jpeg 1024w\" sizes=\"(max-width: 300px) 100vw, 300px\" \/><\/p>\n<p>&nbsp;<\/p>\n<p><strong>Pas de s\u00e9curit\u00e9 sans la t\u00e9l\u00e9commande parentale 2.4 Ghz \u00e0 fr\u00e9quence cod\u00e9e de ce Mercedes Maybach G<\/strong><br \/>\n<strong>650 S 12 Volts!<\/strong><br \/>\nLa t\u00e9l\u00e9commande parentale 2.4 Ghz est d&rsquo;une telle \u00e9vidence qu&rsquo;elle \u00e9quipe la quasi totalit\u00e9 de nos v\u00e9hicules<br \/>\n\u00e9lectriques pour enfant. Elle permet \u00e0 tout adulte responsable de piloter le bolide \u00e0 distance si B\u00e9b\u00e9 est trop petit pour conduire<br \/>\nseul, ou si simplement il a la flemme et pr\u00e9f\u00e8re envisager une petite sieste. Aucun risque d&rsquo;interf\u00e9rence puisque la fr\u00e9quence qui lie<br \/>\nla t\u00e9l\u00e9commande au v\u00e9hicule est cod\u00e9e.<\/p>\n<p>Second avantage : la t\u00e9l\u00e9commande parentale 2.4 Ghz permet de prendre la main sur le bolide \u00e0 tout moment, m\u00eame si c&rsquo;est B\u00e9b\u00e9<br \/>\nqui pilote. Plut\u00f4t efficace lorsque le chenapan aime raser le parterre de fleurs.<\/p>\n<p><strong>Mercedes Maybach 12 Volts G650 S \u00e9lectrique pour enfant :<\/strong><\/p>\n<p>Peinture m\u00e9tallis\u00e9e<br \/>\nT\u00e9l\u00e9commande parentale 2.4 GHz<br \/>\nD\u00e9marrage progressif<br \/>\nArr\u00eat progressif<br \/>\nAssise en similicuir<br \/>\nPhares LED fonctionnels<br \/>\nRoues en gomme<\/p>\n","protected":false},"excerpt":{"rendered":"<p>&nbsp;<\/p>\n<p><img fetchpriority=\"high\" decoding=\"async\" class=\"alignnone size-medium wp-image-15046\" src=\"https:\/\/royalswiss.myskydoowebsite.com\/wp-content\/uploads\/2022\/10\/WhatsApp-Image-2022-10-12-at-17.48.02-1-300x300.jpeg\" alt=\"\" width=\"300\" height=\"300\" srcset=\"https:\/\/royalswiss.myskydoowebsite.com\/wp-content\/uploads\/2022\/10\/WhatsApp-Image-2022-10-12-at-17.48.02-1-300x300.jpeg 300w, https:\/\/royalswiss.myskydoowebsite.com\/wp-content\/uploads\/2022\/10\/WhatsApp-Image-2022-10-12-at-17.48.02-1-150x150.jpeg 150w, https:\/\/royalswiss.myskydoowebsite.com\/wp-content\/uploads\/2022\/10\/WhatsApp-Image-2022-10-12-at-17.48.02-1-768x768.jpeg 768w, https:\/\/royalswiss.myskydoowebsite.com\/wp-content\/uploads\/2022\/10\/WhatsApp-Image-2022-10-12-at-17.48.02-1-500x500.jpeg 500w, https:\/\/royalswiss.myskydoowebsite.com\/wp-content\/uploads\/2022\/10\/WhatsApp-Image-2022-10-12-at-17.48.02-1-262x262.jpeg 262w, https:\/\/royalswiss.myskydoowebsite.com\/wp-content\/uploads\/2022\/10\/WhatsApp-Image-2022-10-12-at-17.48.02-1-555x555.jpeg 555w, https:\/\/royalswiss.myskydoowebsite.com\/wp-content\/uploads\/2022\/10\/WhatsApp-Image-2022-10-12-at-17.48.02-1-160x160.jpeg 160w, https:\/\/royalswiss.myskydoowebsite.com\/wp-content\/uploads\/2022\/10\/WhatsApp-Image-2022-10-12-at-17.48.02-1.jpeg 1024w\" sizes=\"(max-width: 300px) 100vw, 300px\" \/><\/p>\n","protected":false},"featured_media":15028,"comment_status":"open","ping_status":"closed","template":"","meta":[],"product_brand":[],"product_cat":[30,15,40],"product_tag":[1573,1574,1572],"class_list":{"0":"post-15020","1":"product","2":"type-product","3":"status-publish","4":"has-post-thumbnail","6":"product_cat-enfants","7":"product_cat-uncategorized","8":"product_cat-electriquevoiture","9":"product_tag-1573","10":"product_tag-1574","11":"product_tag-1572","13":"first","14":"instock","15":"sale","16":"taxable","17":"shipping-taxable","18":"purchasable","19":"product-type-variable"},"_links":{"self":[{"href":"https:\/\/royalswiss.myskydoowebsite.com\/index.php?rest_route=\/wp\/v2\/product\/15020","targetHints":{"allow":["GET"]}}],"collection":[{"href":"https:\/\/royalswiss.myskydoowebsite.com\/index.php?rest_route=\/wp\/v2\/product"}],"about":[{"href":"https:\/\/royalswiss.myskydoowebsite.com\/index.php?rest_route=\/wp\/v2\/types\/product"}],"replies":[{"embeddable":true,"href":"https:\/\/royalswiss.myskydoowebsite.com\/index.php?rest_route=%2Fwp%2Fv2%2Fcomments&post=15020"}],"version-history":[{"count":5,"href":"https:\/\/royalswiss.myskydoowebsite.com\/index.php?rest_route=\/wp\/v2\/product\/15020\/revisions"}],"predecessor-version":[{"id":15047,"href":"https:\/\/royalswiss.myskydoowebsite.com\/index.php?rest_route=\/wp\/v2\/product\/15020\/revisions\/15047"}],"wp:featuredmedia":[{"embeddable":true,"href":"https:\/\/royalswiss.myskydoowebsite.com\/index.php?rest_route=\/wp\/v2\/media\/15028"}],"wp:attachment":[{"href":"https:\/\/royalswiss.myskydoowebsite.com\/index.php?rest_route=%2Fwp%2Fv2%2Fmedia&parent=15020"}],"wp:term":[{"taxonomy":"product_brand","embeddable":true,"href":"https:\/\/royalswiss.myskydoowebsite.com\/index.php?rest_route=%2Fwp%2Fv2%2Fproduct_brand&post=15020"},{"taxonomy":"product_cat","embeddable":true,"href":"https:\/\/royalswiss.myskydoowebsite.com\/index.php?rest_route=%2Fwp%2Fv2%2Fproduct_cat&post=15020"},{"taxonomy":"product_tag","embeddable":true,"href":"https:\/\/royalswiss.myskydoowebsite.com\/index.php?rest_route=%2Fwp%2Fv2%2Fproduct_tag&post=15020"}],"curies":[{"name":"wp","href":"https:\/\/api.w.org\/{rel}","templated":true}]}}