{"id":13914,"date":"2022-06-23T18:00:59","date_gmt":"2022-06-23T16:00:59","guid":{"rendered":"https:\/\/royalswiss.myskydoowebsite.com\/?post_type=product&#038;p=13914"},"modified":"2023-12-10T00:13:32","modified_gmt":"2023-12-09T23:13:32","slug":"couteaux-en-pochette-mt9","status":"publish","type":"product","link":"https:\/\/royalswiss.myskydoowebsite.com\/?product=couteaux-en-pochette-mt9","title":{"rendered":"couteaux en Pochette MT9"},"content":{"rendered":"<ul class=\"a-unordered-list a-vertical a-spacing-none\">\n<li><span class=\"a-list-item\">ENSEMBLE DE 9 PI\u00c8CES MANCHE EN BOIS\u00a0 comprenant un couteau de chef de 35,50 cm ; couteau \u00e0 d\u00e9couper de 35,50 cm ; couteau \u00e0 pain de 33cm ; couteau utilitaire de 32 cm ; couteau \u00e0 d\u00e9sosser de 30,50 cm ; couteau \u00e0 \u00e9plucher de 20cm ; un aiguiseur de 30,50cm ; hachoir \u00e0 viande ; et fourchette \u00e0 d\u00e9couper dans un \u00e9tui \u00e0 fermeture \u00e0 glissi\u00e8re robuste<\/span><span class=\"a-list-item\"><br \/>\n<\/span><\/li>\n<li><span class=\"a-list-item\">TRIPLE DURCISSAGE en usine apr\u00e8s l&rsquo;aff\u00fbtage \u00e0 la main, les couteaux\u00a0 conserveront leur tranchant comme des lames de rasoir tout au long des nombreuses pr\u00e9parations de repas. Ce sont des accessoires de cuisine essentiels pour tout chef en herbe.<\/span><\/li>\n<li><span class=\"a-list-item\">\u00a0<\/span><\/li>\n<li><span class=\"a-list-item\">L&rsquo;ACIER INOXYDABLE \u00c0 HAUTE TENEUR EN CARBONE est r\u00e9sistant \u00e0 la rouille et \u00e0 la corrosion, de sorte que les lames restent aiguis\u00e9es plus longtemps. Si vous avez besoin d&rsquo;une lame tranchante, notre outil d&rsquo;aiguisage vous permettra de maintenir la qualit\u00e9 de coupe.<\/span><\/li>\n<li><span class=\"a-list-item\">\u00a0<\/span><\/li>\n<li><span class=\"a-list-item\">PR\u00c9CISION-\u00c9QUILIBRE avec des poign\u00e9es ergonomiques et confortables, cet ensemble de couteaux de chef de cuisine offre un contr\u00f4le in\u00e9gal\u00e9 pour hacher, fileter et d\u00e9couper la haute cuisine Michelin partout.<\/span><\/li>\n<\/ul>\n<p><span style=\"vertical-align: inherit\"><span style=\"vertical-align: inherit\">Ensemble de couteaux suisses royaux<\/span><\/span><\/p>\n","protected":false},"excerpt":{"rendered":"<p>ENSEMBLE DE 9 PI\u00c8CES MANCHE EN BOIS\u00a0 comprenant un couteau de chef de 35,50 cm ; couteau \u00e0 d\u00e9couper de 35,50 cm ; couteau \u00e0 pain de 33cm ; couteau utilitaire de 32 cm ; couteau \u00e0 d\u00e9sosser de 30,50 cm ; couteau \u00e0 \u00e9plucher de 20cm ; un aiguiseur de 30,50cm ; hachoir \u00e0 [&hellip;]<\/p>\n","protected":false},"featured_media":13924,"comment_status":"open","ping_status":"closed","template":"","meta":[],"product_brand":[],"product_cat":[21,39],"product_tag":[1521],"class_list":{"0":"post-13914","1":"product","2":"type-product","3":"status-publish","4":"has-post-thumbnail","6":"product_cat-cuisine","7":"product_cat-ustensile","8":"product_tag-1521","10":"first","11":"instock","12":"sale","13":"taxable","14":"shipping-taxable","15":"purchasable","16":"product-type-simple"},"_links":{"self":[{"href":"https:\/\/royalswiss.myskydoowebsite.com\/index.php?rest_route=\/wp\/v2\/product\/13914","targetHints":{"allow":["GET"]}}],"collection":[{"href":"https:\/\/royalswiss.myskydoowebsite.com\/index.php?rest_route=\/wp\/v2\/product"}],"about":[{"href":"https:\/\/royalswiss.myskydoowebsite.com\/index.php?rest_route=\/wp\/v2\/types\/product"}],"replies":[{"embeddable":true,"href":"https:\/\/royalswiss.myskydoowebsite.com\/index.php?rest_route=%2Fwp%2Fv2%2Fcomments&post=13914"}],"version-history":[{"count":2,"href":"https:\/\/royalswiss.myskydoowebsite.com\/index.php?rest_route=\/wp\/v2\/product\/13914\/revisions"}],"predecessor-version":[{"id":15859,"href":"https:\/\/royalswiss.myskydoowebsite.com\/index.php?rest_route=\/wp\/v2\/product\/13914\/revisions\/15859"}],"wp:featuredmedia":[{"embeddable":true,"href":"https:\/\/royalswiss.myskydoowebsite.com\/index.php?rest_route=\/wp\/v2\/media\/13924"}],"wp:attachment":[{"href":"https:\/\/royalswiss.myskydoowebsite.com\/index.php?rest_route=%2Fwp%2Fv2%2Fmedia&parent=13914"}],"wp:term":[{"taxonomy":"product_brand","embeddable":true,"href":"https:\/\/royalswiss.myskydoowebsite.com\/index.php?rest_route=%2Fwp%2Fv2%2Fproduct_brand&post=13914"},{"taxonomy":"product_cat","embeddable":true,"href":"https:\/\/royalswiss.myskydoowebsite.com\/index.php?rest_route=%2Fwp%2Fv2%2Fproduct_cat&post=13914"},{"taxonomy":"product_tag","embeddable":true,"href":"https:\/\/royalswiss.myskydoowebsite.com\/index.php?rest_route=%2Fwp%2Fv2%2Fproduct_tag&post=13914"}],"curies":[{"name":"wp","href":"https:\/\/api.w.org\/{rel}","templated":true}]}}