{"id":13882,"date":"2022-06-20T17:11:02","date_gmt":"2022-06-20T15:11:02","guid":{"rendered":"https:\/\/royalswiss.myskydoowebsite.com\/?post_type=product&#038;p=13882"},"modified":"2022-07-27T19:24:51","modified_gmt":"2022-07-27T17:24:51","slug":"batterie-de-cuisine-20-pieces-en-inox","status":"publish","type":"product","link":"https:\/\/royalswiss.myskydoowebsite.com\/?product=batterie-de-cuisine-20-pieces-en-inox","title":{"rendered":"Batterie de cuisine 20 pi\u00e8ces en inox"},"content":{"rendered":"<p>Batterie de cuisine 20 pi\u00e8ces en Acier inoxydable 18\/10 il est possible de l&rsquo;utiliser avec tous les feux ( tac \u00e9lectrique ) Electricit\u00e9, gaz et induction et elle peut aller au lave vaisselle.<br \/>\nset de qualit\u00e9 premium avec couvercle en verre design et \u00e9l\u00e9gant. fonctions innovantes exceptionnelle et des possibilit\u00e9s d&rsquo;utilisation universelles. La gamme Premium Classic Stainless de Royal Swiss repose sur une base en acier inoxydable 18\/10 avec un fond thermique qui permettent la conduction de la chaleur de sorte \u00e0 ce que les aliments sont chauff\u00e9s rapidement et restent longtemps chauds. Avec ce set d&rsquo;accessoire de cuisine, nous pouvons tous cuisiner. Ils ont un design \u00e9l\u00e9gant avec leur ext\u00e9rieur en inox et sont \u00e9quip\u00e9es de poign\u00e9es ergonomiques qui ne chauffent pas. Fond thermique puissant pour une r\u00e9partition optimale de la chaleur.<\/p>\n<p>Cette batterie est compos\u00e9e de :<\/p>\n<p>\u2022 Une casserole de 24 x 14.5 cm \/ 6.7 L<br \/>\n\u2022 Une casserole de 20 x 12.5 cm \/ 4 L<br \/>\n\u2022 Une casserole de 18 x 11.5 cm \/ 3 L<br \/>\n\u2022 Une casserole de 16 x 10.5 cm \/ 2.2 L<br \/>\n\u2022 Une casserole avec longue poign\u00e9e de 16 x 10.5 cm \/ 2.2 L<br \/>\n\u2022 Un po\u00eale int\u00e9rieur en marbre de 24 x 14.5 cm \/ 6.7 L<br \/>\n\u2022 Un panier de cuisson en inox<br \/>\n\u2022 5 ustensiles de cuisine<br \/>\n\u2022 2 trivets<\/p>\n","protected":false},"excerpt":{"rendered":"<p>&nbsp;<\/p>\n<p>Cette batterie est compos\u00e9e de :<\/p>\n<p><span style=\"vertical-align: inherit\"><span style=\"vertical-align: inherit\">\u2022 Une casserole de 24 x 14.5 cm \/ 6.7 L<\/span><\/span><br \/>\n<span style=\"vertical-align: inherit\"><span style=\"vertical-align: inherit\">\u2022 Une casserole de 20 x 12.5 cm \/ 4 L<\/span><\/span><br \/>\n<span style=\"vertical-align: inherit\"><span style=\"vertical-align: inherit\">\u2022 Une casserole de 18 x 11.5 cm \/ 3 L<\/span><\/span><br \/>\n<span style=\"vertical-align: inherit\"><span style=\"vertical-align: inherit\">\u2022 Une casserole de 16 x 10.5 cm \/ 2.2 L<\/span><\/span><br \/>\n<span style=\"vertical-align: inherit\"><span style=\"vertical-align: inherit\">\u2022 Une casserole avec longue poign\u00e9e de 16 x 10.5 cm \/ 2.2 L<\/span><\/span><br \/>\n<span style=\"vertical-align: inherit\"><span style=\"vertical-align: inherit\">\u2022 Un po\u00eale int\u00e9rieur en marbre de 24 x 14.5 cm \/ 6.7 L<\/span><\/span><br \/>\n<span style=\"vertical-align: inherit\"><span style=\"vertical-align: inherit\">\u2022 Un panier de cuisson en inox<\/span><\/span><br \/>\n<span style=\"vertical-align: inherit\"><span style=\"vertical-align: inherit\">\u2022 5 ustensiles de cuisine<\/span><\/span><br \/>\n<span style=\"vertical-align: inherit\"><span style=\"vertical-align: inherit\">\u2022 2 trivets<\/span><\/span><\/p>\n","protected":false},"featured_media":13885,"comment_status":"open","ping_status":"closed","template":"","meta":[],"product_brand":[],"product_cat":[41,21],"product_tag":[1514],"class_list":{"0":"post-13882","1":"product","2":"type-product","3":"status-publish","4":"has-post-thumbnail","6":"product_cat-batterie-de-cuisine","7":"product_cat-cuisine","8":"product_tag-1514","10":"first","11":"instock","12":"sale","13":"taxable","14":"shipping-taxable","15":"purchasable","16":"product-type-simple"},"_links":{"self":[{"href":"https:\/\/royalswiss.myskydoowebsite.com\/index.php?rest_route=\/wp\/v2\/product\/13882","targetHints":{"allow":["GET"]}}],"collection":[{"href":"https:\/\/royalswiss.myskydoowebsite.com\/index.php?rest_route=\/wp\/v2\/product"}],"about":[{"href":"https:\/\/royalswiss.myskydoowebsite.com\/index.php?rest_route=\/wp\/v2\/types\/product"}],"replies":[{"embeddable":true,"href":"https:\/\/royalswiss.myskydoowebsite.com\/index.php?rest_route=%2Fwp%2Fv2%2Fcomments&post=13882"}],"version-history":[{"count":3,"href":"https:\/\/royalswiss.myskydoowebsite.com\/index.php?rest_route=\/wp\/v2\/product\/13882\/revisions"}],"predecessor-version":[{"id":13888,"href":"https:\/\/royalswiss.myskydoowebsite.com\/index.php?rest_route=\/wp\/v2\/product\/13882\/revisions\/13888"}],"wp:featuredmedia":[{"embeddable":true,"href":"https:\/\/royalswiss.myskydoowebsite.com\/index.php?rest_route=\/wp\/v2\/media\/13885"}],"wp:attachment":[{"href":"https:\/\/royalswiss.myskydoowebsite.com\/index.php?rest_route=%2Fwp%2Fv2%2Fmedia&parent=13882"}],"wp:term":[{"taxonomy":"product_brand","embeddable":true,"href":"https:\/\/royalswiss.myskydoowebsite.com\/index.php?rest_route=%2Fwp%2Fv2%2Fproduct_brand&post=13882"},{"taxonomy":"product_cat","embeddable":true,"href":"https:\/\/royalswiss.myskydoowebsite.com\/index.php?rest_route=%2Fwp%2Fv2%2Fproduct_cat&post=13882"},{"taxonomy":"product_tag","embeddable":true,"href":"https:\/\/royalswiss.myskydoowebsite.com\/index.php?rest_route=%2Fwp%2Fv2%2Fproduct_tag&post=13882"}],"curies":[{"name":"wp","href":"https:\/\/api.w.org\/{rel}","templated":true}]}}