{"id":13072,"date":"2021-09-09T13:32:38","date_gmt":"2021-09-09T11:32:38","guid":{"rendered":"https:\/\/royalswiss.myskydoowebsite.com\/?post_type=product&#038;p=13072"},"modified":"2022-09-15T18:04:03","modified_gmt":"2022-09-15T16:04:03","slug":"robot-10l-3in1","status":"publish","type":"product","link":"https:\/\/royalswiss.myskydoowebsite.com\/?product=robot-10l-3in1","title":{"rendered":"Robot multifonctions 10L 3in1"},"content":{"rendered":"<p>&nbsp;<\/p>\n<p>Synonyme de qualit\u00e9, beaut\u00e9, cr\u00e9ativit\u00e9, et solidit\u00e9,<strong> le robot multifonction Royal Swiss SC-623C <\/strong>r\u00e9pond \u00e0 tous vos besoins de cuisine quotidienne et contemporaine. Une envie de\u00a0<strong>p\u00e2tisserie<\/strong>\u00a0? Votre robot p\u00e2tissier s\u2019occupe de tout :\u00a0<strong>Battre<\/strong>\u00a0les \u0153ufs en neige,\u00a0<strong>m\u00e9langer<\/strong>,\u00a0<strong>p\u00e9trir<\/strong>. Le\u00a0<strong>mouvement plan\u00e9taire<\/strong>\u00a0faisant tourner le fouet sur lui-m\u00eame en suivant les parois du\u00a0<strong>bol inox de 10\u2009L<\/strong>\u00a0vous permettra de confectionner des pr\u00e9parations homog\u00e8nes : Pur\u00e9es, compotes, soupes, p\u00e2tes \u00e0 pain. R\u00e9aliser vous-m\u00eame avec le plus grand plaisir jus de fruits et l\u00e9gumes, smoothies, cocktails, glace pil\u00e9e, gr\u00e2ce \u00e0 son\u00a0<strong>blender en verre de 1,5 litres<\/strong>. Gr\u00e2ce au\u00a0<strong>hachoir \u00e0 viande en aluminium<\/strong>, hachis parmentier, terrines, burgers, saucisses deviendront un vrai plaisir \u00e0 confectionner. Enfin, une envie de soir\u00e9e typique en famille ou entre amis ? Avec ses\u00a0<strong>6 Vitesses<\/strong>, d\u00e9sormais le Chef de la cuisine italienne, c\u2019est vous !<\/p>\n<p><img decoding=\"async\" class=\"alignnone wp-image-13053\" src=\"https:\/\/royalswiss.myskydoowebsite.com\/wp-content\/uploads\/2021\/09\/21-11-300x300.jpg\" alt=\"\" width=\"212\" height=\"212\" srcset=\"https:\/\/royalswiss.myskydoowebsite.com\/wp-content\/uploads\/2021\/09\/21-11-300x300.jpg 300w, https:\/\/royalswiss.myskydoowebsite.com\/wp-content\/uploads\/2021\/09\/21-11-150x150.jpg 150w, https:\/\/royalswiss.myskydoowebsite.com\/wp-content\/uploads\/2021\/09\/21-11-500x500.jpg 500w, https:\/\/royalswiss.myskydoowebsite.com\/wp-content\/uploads\/2021\/09\/21-11-262x262.jpg 262w, https:\/\/royalswiss.myskydoowebsite.com\/wp-content\/uploads\/2021\/09\/21-11-555x555.jpg 555w, https:\/\/royalswiss.myskydoowebsite.com\/wp-content\/uploads\/2021\/09\/21-11-160x160.jpg 160w, https:\/\/royalswiss.myskydoowebsite.com\/wp-content\/uploads\/2021\/09\/21-11.jpg 600w\" sizes=\"(max-width: 212px) 100vw, 212px\" \/>\u00a0 \u00a0 \u00a0 \u00a0 \u00a0 \u00a0 \u00a0 \u00a0 \u00a0 \u00a0 <img fetchpriority=\"high\" decoding=\"async\" class=\"alignnone size-medium wp-image-13074\" src=\"https:\/\/royalswiss.myskydoowebsite.com\/wp-content\/uploads\/2021\/09\/WhatsApp-Image-2021-04-28-at-20.30.16-300x300.jpeg\" alt=\"\" width=\"300\" height=\"300\" srcset=\"https:\/\/royalswiss.myskydoowebsite.com\/wp-content\/uploads\/2021\/09\/WhatsApp-Image-2021-04-28-at-20.30.16-300x300.jpeg 300w, https:\/\/royalswiss.myskydoowebsite.com\/wp-content\/uploads\/2021\/09\/WhatsApp-Image-2021-04-28-at-20.30.16.jpeg 1024w, https:\/\/royalswiss.myskydoowebsite.com\/wp-content\/uploads\/2021\/09\/WhatsApp-Image-2021-04-28-at-20.30.16-150x150.jpeg 150w, https:\/\/royalswiss.myskydoowebsite.com\/wp-content\/uploads\/2021\/09\/WhatsApp-Image-2021-04-28-at-20.30.16-768x768.jpeg 768w, https:\/\/royalswiss.myskydoowebsite.com\/wp-content\/uploads\/2021\/09\/WhatsApp-Image-2021-04-28-at-20.30.16-500x500.jpeg 500w, https:\/\/royalswiss.myskydoowebsite.com\/wp-content\/uploads\/2021\/09\/WhatsApp-Image-2021-04-28-at-20.30.16-262x262.jpeg 262w, https:\/\/royalswiss.myskydoowebsite.com\/wp-content\/uploads\/2021\/09\/WhatsApp-Image-2021-04-28-at-20.30.16-555x555.jpeg 555w, https:\/\/royalswiss.myskydoowebsite.com\/wp-content\/uploads\/2021\/09\/WhatsApp-Image-2021-04-28-at-20.30.16-160x160.jpeg 160w\" sizes=\"(max-width: 300px) 100vw, 300px\" \/>\u00a0 \u00a0 \u00a0 \u00a0 \u00a0 \u00a0 \u00a0 \u00a0 \u00a0 \u00a0 \u00a0 <img decoding=\"async\" class=\"alignnone wp-image-10121\" src=\"https:\/\/royalswiss.myskydoowebsite.com\/wp-content\/uploads\/2020\/03\/curso-de-reposteria-3-300x200.jpg\" alt=\"\" width=\"258\" height=\"172\" srcset=\"https:\/\/royalswiss.myskydoowebsite.com\/wp-content\/uploads\/2020\/03\/curso-de-reposteria-3-300x200.jpg 300w, https:\/\/royalswiss.myskydoowebsite.com\/wp-content\/uploads\/2020\/03\/curso-de-reposteria-3-555x370.jpg 555w, https:\/\/royalswiss.myskydoowebsite.com\/wp-content\/uploads\/2020\/03\/curso-de-reposteria-3.jpg 731w\" sizes=\"(max-width: 258px) 100vw, 258px\" \/><\/p>\n<p>&nbsp;<\/p>\n<p>sp\u00e9cifications :<\/p>\n<ul>\n<li>puissance : 2000 Watts<\/li>\n<li>syst\u00e8me d&rsquo;engrenage m\u00e9tallique robuste pour usage intensif<\/li>\n<li>bo\u00eetier en ABS avec rev\u00eatement en acier inoxydable<\/li>\n<li>6 Vitesse et impulsions<\/li>\n<li>indicateur d&rsquo;alimentation LED<\/li>\n<li>Bol en inox de 10l avec poign\u00e9es et couvercle anti \u00e9claboussures transparent<\/li>\n<li>crochet p\u00e9trisseur amovible en aluminium et batteur plat, fouet en Inox .<\/li>\n<li>4 pieds Antid\u00e9rapant<\/li>\n<li>t\u00eate inclinable ( permet de retirer facilement le bol )<\/li>\n<li>couvercle avec ouverture ( pour y ajouter des ingr\u00e9dients \u00e0 tout moment )<\/li>\n<li>Hachoir \u00e0 viande<\/li>\n<li>M\u00e9langeur \/ blender en Verre de 1.5L<\/li>\n<li>220-240V 50Hz , max 2000 W<\/li>\n<\/ul>\n","protected":false},"excerpt":{"rendered":"<p>&nbsp;<\/p>\n<p>sp\u00e9cifications :<\/p>\n<ul>\n<li>puissance : 2000 Watts<\/li>\n<li>syst\u00e8me d&rsquo;engrenage m\u00e9tallique robuste pour usage intensif<\/li>\n<li>bo\u00eetier en ABS avec rev\u00eatement en acier inoxydable<\/li>\n<li>6 Vitesse et impulsions<\/li>\n<li>indicateur d&rsquo;alimentation LED<\/li>\n<li>Bol en inox de 10l avec poign\u00e9es et couvercle anti \u00e9claboussures transparent<\/li>\n<li>crochet p\u00e9trisseur amovible en aluminium et batteur plat, fouet en Inox .<\/li>\n<li>4 pieds Antid\u00e9rapant<\/li>\n<li>t\u00eate inclinable ( permet de retirer facilement le bol )<\/li>\n<li>couvercle avec ouverture ( pour y ajouter des ingr\u00e9dients \u00e0 tout moment )<\/li>\n<li>Hachoir \u00e0 viande<\/li>\n<li>M\u00e9langeur \/ blender en Verre de 1.5L<\/li>\n<li>220-240V 50Hz , max 2000 W<\/li>\n<\/ul>\n<p><img loading=\"lazy\" decoding=\"async\" class=\" wp-image-10123 aligncenter\" src=\"https:\/\/royalswiss.myskydoowebsite.com\/wp-content\/uploads\/2020\/03\/unnamed-1-300x200.jpg\" alt=\"\" width=\"272\" height=\"181\" srcset=\"https:\/\/royalswiss.myskydoowebsite.com\/wp-content\/uploads\/2020\/03\/unnamed-1-300x200.jpg 300w, https:\/\/royalswiss.myskydoowebsite.com\/wp-content\/uploads\/2020\/03\/unnamed-1.jpg 512w\" sizes=\"(max-width: 272px) 100vw, 272px\" \/><\/p>\n","protected":false},"featured_media":13074,"comment_status":"open","ping_status":"closed","template":"","meta":[],"product_brand":[],"product_cat":[56,33,1549,15],"product_tag":[105],"class_list":{"0":"post-13072","1":"product","2":"type-product","3":"status-publish","4":"has-post-thumbnail","6":"product_cat-electromenager","7":"product_cat-petit-electromenager","8":"product_cat-robot-de-patisserie","9":"product_cat-uncategorized","10":"product_tag-105","12":"first","13":"instock","14":"sale","15":"taxable","16":"shipping-taxable","17":"purchasable","18":"product-type-simple"},"_links":{"self":[{"href":"https:\/\/royalswiss.myskydoowebsite.com\/index.php?rest_route=\/wp\/v2\/product\/13072","targetHints":{"allow":["GET"]}}],"collection":[{"href":"https:\/\/royalswiss.myskydoowebsite.com\/index.php?rest_route=\/wp\/v2\/product"}],"about":[{"href":"https:\/\/royalswiss.myskydoowebsite.com\/index.php?rest_route=\/wp\/v2\/types\/product"}],"replies":[{"embeddable":true,"href":"https:\/\/royalswiss.myskydoowebsite.com\/index.php?rest_route=%2Fwp%2Fv2%2Fcomments&post=13072"}],"version-history":[{"count":3,"href":"https:\/\/royalswiss.myskydoowebsite.com\/index.php?rest_route=\/wp\/v2\/product\/13072\/revisions"}],"predecessor-version":[{"id":13083,"href":"https:\/\/royalswiss.myskydoowebsite.com\/index.php?rest_route=\/wp\/v2\/product\/13072\/revisions\/13083"}],"wp:featuredmedia":[{"embeddable":true,"href":"https:\/\/royalswiss.myskydoowebsite.com\/index.php?rest_route=\/wp\/v2\/media\/13074"}],"wp:attachment":[{"href":"https:\/\/royalswiss.myskydoowebsite.com\/index.php?rest_route=%2Fwp%2Fv2%2Fmedia&parent=13072"}],"wp:term":[{"taxonomy":"product_brand","embeddable":true,"href":"https:\/\/royalswiss.myskydoowebsite.com\/index.php?rest_route=%2Fwp%2Fv2%2Fproduct_brand&post=13072"},{"taxonomy":"product_cat","embeddable":true,"href":"https:\/\/royalswiss.myskydoowebsite.com\/index.php?rest_route=%2Fwp%2Fv2%2Fproduct_cat&post=13072"},{"taxonomy":"product_tag","embeddable":true,"href":"https:\/\/royalswiss.myskydoowebsite.com\/index.php?rest_route=%2Fwp%2Fv2%2Fproduct_tag&post=13072"}],"curies":[{"name":"wp","href":"https:\/\/api.w.org\/{rel}","templated":true}]}}