{"id":10102,"date":"2020-03-24T22:39:14","date_gmt":"2020-03-24T21:39:14","guid":{"rendered":"https:\/\/royalswiss.myskydoowebsite.com\/?post_type=product&#038;p=10102"},"modified":"2022-09-28T11:33:56","modified_gmt":"2022-09-28T09:33:56","slug":"robot-petrin-6-3-l-1500-w","status":"publish","type":"product","link":"https:\/\/royalswiss.myskydoowebsite.com\/?product=robot-petrin-6-3-l-1500-w","title":{"rendered":"Robot P\u00e9trin &#8211; 6.3 L &#8211; 1500 W"},"content":{"rendered":"<div class=\"card aim -mtm\">\n<div><\/div>\n<div>Ce robot P\u00e9trin 1500 Watts de chez Royal Swiss permet de pr\u00e9parer toutes sortes de d\u00e9lices, et est disponible en 2 coloris au choix<\/div>\n<\/div>\n<div><\/div>\n<div><img fetchpriority=\"high\" decoding=\"async\" class=\"size-medium wp-image-10120 alignleft\" src=\"https:\/\/royalswiss.myskydoowebsite.com\/wp-content\/uploads\/2020\/03\/5-1-300x227.jpg\" alt=\"\" width=\"300\" height=\"227\" srcset=\"https:\/\/royalswiss.myskydoowebsite.com\/wp-content\/uploads\/2020\/03\/5-1-300x227.jpg 300w, https:\/\/royalswiss.myskydoowebsite.com\/wp-content\/uploads\/2020\/03\/5-1-555x420.jpg 555w, https:\/\/royalswiss.myskydoowebsite.com\/wp-content\/uploads\/2020\/03\/5-1.jpg 700w\" sizes=\"(max-width: 300px) 100vw, 300px\" \/>\u00a0 \u00a0 \u00a0 \u00a0 \u00a0 \u00a0 \u00a0 \u00a0 \u00a0 \u00a0 \u00a0 \u00a0 \u00a0 \u00a0 \u00a0 \u00a0 \u00a0 \u00a0 \u00a0 \u00a0 \u00a0 \u00a0 \u00a0 \u00a0 \u00a0 \u00a0 \u00a0 \u00a0 \u00a0 \u00a0 \u00a0 \u00a0 \u00a0 \u00a0 \u00a0 \u00a0 \u00a0 \u00a0 \u00a0 <img decoding=\"async\" class=\"alignnone size-medium wp-image-10123\" src=\"https:\/\/royalswiss.myskydoowebsite.com\/wp-content\/uploads\/2020\/03\/unnamed-1-300x200.jpg\" alt=\"\" width=\"300\" height=\"200\" srcset=\"https:\/\/royalswiss.myskydoowebsite.com\/wp-content\/uploads\/2020\/03\/unnamed-1-300x200.jpg 300w, https:\/\/royalswiss.myskydoowebsite.com\/wp-content\/uploads\/2020\/03\/unnamed-1.jpg 512w\" sizes=\"(max-width: 300px) 100vw, 300px\" \/><\/div>\n<div>\n<h4><\/h4>\n<h4><\/h4>\n<h4 class=\"title-in-pitch\">Robot Petrin Multifonction XXL 1500W<\/h4>\n<ul>\n<li>10 r\u00e9glages de vitesse<\/li>\n<li>couvercle anti-\u00e9claboussure<\/li>\n<li>Cuvette en acier inoxydable de 6,3 litres pour max. 3-3,5 kg de pr\u00e9paration de p\u00e2te<\/li>\n<li>En fonte d\u2019aluminium, le crochet d\u2019agitation permet le m\u00e9lange uniforme d\u2019une quantit\u00e9 de p\u00e2te importante<\/li>\n<li>En fonte d\u2019aluminium, le crochet p\u00e9trisseur plus adapt\u00e9 pour les p\u00e2tes lourdes ou p\u00e2te a pain<\/li>\n<li>Fouet en acier inoxydable pour g\u00e9noise l\u00e9g\u00e8re et blancs d\u2019\u0153ufs<\/li>\n<li>M\u00e9canisme sp\u00e9cial d\u2019engrenage robuste<\/li>\n<li>Bras multifonctions pivotant jusqu\u2019\u00e0 35\u00b0<\/li>\n<li>M\u00e9canisme de d\u00e9verrouillage pour le bras multifonctions<\/li>\n<li>Circuit de s\u00e9curit\u00e9<\/li>\n<li>Facile \u00e0 utiliser et \u00e0 nettoyer<\/li>\n<li>Support avec ventouses antid\u00e9rapant<\/li>\n<li>Mandrin \u00e0 serrage rapide pour tenir les outils<\/li>\n<li>220-240 V, 50 Hz, 1500 W<\/li>\n<li>Coloris : rouge ou Gris<\/li>\n<\/ul>\n<\/div>\n<div class=\"card aim -mtm\">\n<div class=\"markup -mhm -pvl -oxa\"><\/div>\n<\/div>\n<section class=\"card aim -mtm -fs16\">\n<div id=\"specifications\" class=\"hook\"><img decoding=\"async\" class=\"size-medium wp-image-10121 aligncenter\" src=\"https:\/\/royalswiss.myskydoowebsite.com\/wp-content\/uploads\/2020\/03\/curso-de-reposteria-3-300x200.jpg\" alt=\"\" width=\"300\" height=\"200\" srcset=\"https:\/\/royalswiss.myskydoowebsite.com\/wp-content\/uploads\/2020\/03\/curso-de-reposteria-3-300x200.jpg 300w, https:\/\/royalswiss.myskydoowebsite.com\/wp-content\/uploads\/2020\/03\/curso-de-reposteria-3-555x370.jpg 555w, https:\/\/royalswiss.myskydoowebsite.com\/wp-content\/uploads\/2020\/03\/curso-de-reposteria-3.jpg 731w\" sizes=\"(max-width: 300px) 100vw, 300px\" \/><\/div>\n<\/section>\n<p>&nbsp;<\/p>\n<h6><\/h6>\n<h6><strong>Garantie 2 ans\u00a0 ( les retours sont aux frais du client )<\/strong><\/h6>\n<h6><strong><em>Vous pouvez nous retourner votre achat en ligne si :<\/em><\/strong><\/h6>\n<ul>\n<li>\n<h6><strong>Votre produit a \u00e9t\u00e9 livr\u00e9 il y a moins de 7 jours.<\/strong><\/h6>\n<\/li>\n<li>\n<h6><strong>Vous \u00eates toujours en possession de l&#8217;emballage d&rsquo;origine et de son contenu original au complet.<\/strong><\/h6>\n<\/li>\n<li>\n<h6><strong>Vous n&rsquo;avez pas utilis\u00e9 l&rsquo;objet et celui ci est toujours dans son emballage\u00a0<\/strong><\/h6>\n<\/li>\n<li>\n<h6><strong>Vous avez re\u00e7u un produit incorrect ou inappropri\u00e9 et que l&#8217;emballage n&rsquo;est pas ouvert.<\/strong><\/h6>\n<\/li>\n<li>\n<h6><strong>(\u00a0\u00a0Les frais de\u00a0retour\u00a0sont \u00e0 la charge du client, sauf en cas d&rsquo;erreur de notre part et le remboursement se fera seulement apr\u00e8s la r\u00e9ception de nos\u00a0articles\u00a0)\u00a0<\/strong><\/h6>\n<\/li>\n<\/ul>\n<p>&nbsp;<\/p>\n<section class=\"card aim -mtm -fs16\">\n<div class=\"row -pas\">\n<article class=\"col8 -pvs\">\n<div class=\"card-b -fh\">\n<div class=\"markup -pam\"><\/div>\n<\/div>\n<\/article>\n<\/div>\n<\/section>\n<p>&nbsp;<\/p>\n","protected":false},"excerpt":{"rendered":"<h2 class=\"hdr -upp -fs14 -m -pam\"><\/h2>\n<div class=\"markup -pam\">\n<ul>\n<li>Couleur: Rouge\/gris<\/li>\n<li>Puissance du robot Mixeur\/Petrin\/Fouet de 1 500 watts<\/li>\n<li>10 r\u00e9glages de vitesse<\/li>\n<li>Bol en acier de 6.3-litres au go\u00fbt neutre pour une pr\u00e9paration de maximum 3.5 kg<\/li>\n<li>couvercle anti-\u00e9claboussure<\/li>\n<li>220-240 V, 50 Hz, 1500 W<\/li>\n<li>Bo\u00eete de vitesses sp\u00e9ciale robuste.<\/li>\n<\/ul>\n<\/div>\n<p><img loading=\"lazy\" decoding=\"async\" class=\" wp-image-10122 aligncenter\" src=\"https:\/\/royalswiss.myskydoowebsite.com\/wp-content\/uploads\/2020\/03\/i-300x261.jpg\" alt=\"\" width=\"295\" height=\"256\" srcset=\"https:\/\/royalswiss.myskydoowebsite.com\/wp-content\/uploads\/2020\/03\/i-300x261.jpg 300w, https:\/\/royalswiss.myskydoowebsite.com\/wp-content\/uploads\/2020\/03\/i-1024x889.jpg 1024w, https:\/\/royalswiss.myskydoowebsite.com\/wp-content\/uploads\/2020\/03\/i-768x667.jpg 768w, https:\/\/royalswiss.myskydoowebsite.com\/wp-content\/uploads\/2020\/03\/i-555x482.jpg 555w, https:\/\/royalswiss.myskydoowebsite.com\/wp-content\/uploads\/2020\/03\/i.jpg 1080w\" sizes=\"(max-width: 295px) 100vw, 295px\" \/><\/p>\n","protected":false},"featured_media":13070,"comment_status":"open","ping_status":"closed","template":"","meta":[],"product_brand":[],"product_cat":[56,33,1549],"product_tag":[],"class_list":{"0":"post-10102","1":"product","2":"type-product","3":"status-publish","4":"has-post-thumbnail","6":"product_cat-electromenager","7":"product_cat-petit-electromenager","8":"product_cat-robot-de-patisserie","10":"first","11":"instock","12":"sale","13":"taxable","14":"shipping-taxable","15":"purchasable","16":"product-type-variable"},"_links":{"self":[{"href":"https:\/\/royalswiss.myskydoowebsite.com\/index.php?rest_route=\/wp\/v2\/product\/10102","targetHints":{"allow":["GET"]}}],"collection":[{"href":"https:\/\/royalswiss.myskydoowebsite.com\/index.php?rest_route=\/wp\/v2\/product"}],"about":[{"href":"https:\/\/royalswiss.myskydoowebsite.com\/index.php?rest_route=\/wp\/v2\/types\/product"}],"replies":[{"embeddable":true,"href":"https:\/\/royalswiss.myskydoowebsite.com\/index.php?rest_route=%2Fwp%2Fv2%2Fcomments&post=10102"}],"version-history":[{"count":12,"href":"https:\/\/royalswiss.myskydoowebsite.com\/index.php?rest_route=\/wp\/v2\/product\/10102\/revisions"}],"predecessor-version":[{"id":14392,"href":"https:\/\/royalswiss.myskydoowebsite.com\/index.php?rest_route=\/wp\/v2\/product\/10102\/revisions\/14392"}],"wp:featuredmedia":[{"embeddable":true,"href":"https:\/\/royalswiss.myskydoowebsite.com\/index.php?rest_route=\/wp\/v2\/media\/13070"}],"wp:attachment":[{"href":"https:\/\/royalswiss.myskydoowebsite.com\/index.php?rest_route=%2Fwp%2Fv2%2Fmedia&parent=10102"}],"wp:term":[{"taxonomy":"product_brand","embeddable":true,"href":"https:\/\/royalswiss.myskydoowebsite.com\/index.php?rest_route=%2Fwp%2Fv2%2Fproduct_brand&post=10102"},{"taxonomy":"product_cat","embeddable":true,"href":"https:\/\/royalswiss.myskydoowebsite.com\/index.php?rest_route=%2Fwp%2Fv2%2Fproduct_cat&post=10102"},{"taxonomy":"product_tag","embeddable":true,"href":"https:\/\/royalswiss.myskydoowebsite.com\/index.php?rest_route=%2Fwp%2Fv2%2Fproduct_tag&post=10102"}],"curies":[{"name":"wp","href":"https:\/\/api.w.org\/{rel}","templated":true}]}}